000
CDUS46 KLOX 200902
CLIPMD


CLIMATE REPORT
NATIONAL WEATHER SERVICE LOS ANGELES/OXNARD CA
202 AM PDT SUN MAY 20 2018


...................................

...THE PALMDALE AIRPORT CA CLIMATE SUMMARY FOR MAY 19 2018...

CLIMATE NORMAL PERIOD 1981 TO 2010
CLIMATE RECORD PERIOD 1931 TO 2018


WEATHER ITEM   OBSERVED TIME   RECORD YEAR NORMAL DEPARTURE LAST
                VALUE   (LST)  VALUE       VALUE  FROM      YEAR
                                                  NORMAL
..................................................................
TEMPERATURE (F)
 YESTERDAY
  MAXIMUM         83    205 PM 101    2008  84     -1       83
  MINIMUM         57    504 AM  30    1974  53      4       47
  AVERAGE         70                        69      1       65

PRECIPITATION (IN)
  YESTERDAY        0.00          0.08 1974   0.01  -0.01     0.00
  MONTH TO DATE    T                         0.20  -0.20     0.02
  SINCE OCT 1      2.57                      7.63  -5.06     5.93
  SINCE JAN 1      2.57                      5.18  -2.61     4.14

SNOWFALL (IN)
  YESTERDAY        0.0           0.0  1973  MM               0.0
  MONTH TO DATE    0.0                      MM               0.0
  SINCE MAR 1      0.0                      MM               0.0
  SINCE JUL 1      0.0                      MM               0.0
  SNOW DEPTH       0

DEGREE DAYS
 HEATING
  YESTERDAY        0                         2     -2        0
  MONTH TO DATE   29                        52    -23       58
  SINCE MAR 1    477                       657   -180      411
  SINCE JUL 1   2158                      2902   -744     2320

 COOLING
  YESTERDAY        5                         5      0        0
  MONTH TO DATE   70                        67      3       60
  SINCE MAR 1    127                        90     37       74
  SINCE JAN 1    127                        90     37       74
..................................................................


WIND (MPH)
  HIGHEST WIND SPEED    26   HIGHEST WIND DIRECTION     W (260)
  HIGHEST GUST SPEED    33   HIGHEST GUST DIRECTION     W (260)
  AVERAGE WIND SPEED    13.2


SKY COVER
  POSSIBLE SUNSHINE  MM
  AVERAGE SKY COVER 0.0


WEATHER CONDITIONS
 THE FOLLOWING WEATHER WAS RECORDED YESTERDAY.
  NO SIGNIFICANT WEATHER WAS OBSERVED.


RELATIVE HUMIDITY (PERCENT)
 HIGHEST    62           500 AM
 LOWEST     28           100 PM
 AVERAGE    45

..........................................................


THE PALMDALE AIRPORT CA CLIMATE NORMALS FOR TODAY
                         NORMAL    RECORD    YEAR
 MAXIMUM TEMPERATURE (F)   84        98      2001
 MINIMUM TEMPERATURE (F)   53        39      1974


SUNRISE AND SUNSET
MAY 20 2018...........SUNRISE   546 AM PDT   SUNSET   752 PM PDT
MAY 21 2018...........SUNRISE   545 AM PDT   SUNSET   753 PM PDT


-  INDICATES NEGATIVE NUMBERS.
R  INDICATES RECORD WAS SET OR TIED.
MM INDICATES DATA IS MISSING.
T  INDICATES TRACE AMOUNT.




$$
