000
CDUS44 KMOB 190645
CLIPNS


CLIMATE REPORT
NATIONAL WEATHER SERVICE MOBILE AL
145 AM CDT THU APR 19 2018


...................................

...THE PENSACOLA CLIMATE SUMMARY FOR APRIL 18 2018...

CLIMATE NORMAL PERIOD 1981 TO 2010
CLIMATE RECORD PERIOD 1879 TO 2018


WEATHER ITEM   OBSERVED TIME   RECORD YEAR NORMAL DEPARTURE LAST
                VALUE   (LST)  VALUE       VALUE  FROM      YEAR
                                                  NORMAL
..................................................................
TEMPERATURE (F)
 YESTERDAY
  MAXIMUM         82   1215 PM  87    2006  76      6       83
                                      1987
                                      1967
  MINIMUM         63    517 AM  40    1921  58      5       65
  AVERAGE         73                        67      6       74

PRECIPITATION (IN)
  YESTERDAY        0.00          3.07 2014   0.13  -0.13     0.00
  MONTH TO DATE    3.31                      2.73   0.58     2.99
  SINCE MAR 1      5.33                      8.54  -3.21     5.35
  SINCE JAN 1     18.63                     18.23   0.40    20.70

DEGREE DAYS
 HEATING
  YESTERDAY        0                         1     -1        0
  MONTH TO DATE   44                        42      2        8
  SINCE MAR 1    168                       218    -50      100
  SINCE JUL 1   1191                      1526   -335      633

 COOLING
  YESTERDAY        8                         3      5        9
  MONTH TO DATE   46                        45      1       99
  SINCE MAR 1    110                        78     32      227
  SINCE JAN 1    208                        92    116      337
..................................................................


WIND (MPH)
  HIGHEST WIND SPEED    21   HIGHEST WIND DIRECTION     S (200)
  HIGHEST GUST SPEED    27   HIGHEST GUST DIRECTION    SW (230)
  AVERAGE WIND SPEED    11.7


SKY COVER
  POSSIBLE SUNSHINE  MM
  AVERAGE SKY COVER 0.1


WEATHER CONDITIONS
 THE FOLLOWING WEATHER WAS RECORDED YESTERDAY.
  NO SIGNIFICANT WEATHER WAS OBSERVED.


RELATIVE HUMIDITY (PERCENT)
 HIGHEST    90           500 AM
 LOWEST     54          1000 AM
 AVERAGE    72

..........................................................


THE PENSACOLA CLIMATE NORMALS FOR TODAY
                         NORMAL    RECORD    YEAR
 MAXIMUM TEMPERATURE (F)   76        87      1976
                                             1908
 MINIMUM TEMPERATURE (F)   58        41      1983


SUNRISE AND SUNSET
APRIL 19 2018.........SUNRISE   617 AM CDT   SUNSET   719 PM CDT
APRIL 20 2018.........SUNRISE   616 AM CDT   SUNSET   720 PM CDT


-  INDICATES NEGATIVE NUMBERS.
R  INDICATES RECORD WAS SET OR TIED.
MM INDICATES DATA IS MISSING.
T  INDICATES TRACE AMOUNT.




$$
