000
CDUS45 KPUB 231052
CLIPUB


CLIMATE REPORT
NATIONAL WEATHER SERVICE PUEBLO
451 AM MDT WED MAY 23 2018


...................................

...THE PUEBLO CO CLIMATE SUMMARY FOR MAY 22 2018...

CLIMATE NORMAL PERIOD 1981 TO 2010
CLIMATE RECORD PERIOD 1888 TO 2018


WEATHER ITEM   OBSERVED TIME   RECORD YEAR NORMAL DEPARTURE LAST
                VALUE   (LST)  VALUE       VALUE  FROM      YEAR
                                                  NORMAL
..................................................................
TEMPERATURE (F)
 YESTERDAY
  MAXIMUM         86    544 PM  95    2012  79      7       71
  MINIMUM         45    452 AM  32    1931  46     -1       47
  AVERAGE         66                        62      4       59

PRECIPITATION (IN)
  YESTERDAY        0.00          0.92 1938   0.04  -0.04     0.23
  MONTH TO DATE    0.45                      1.07  -0.62     2.93
  SINCE MAR 1      1.00                      3.40  -2.40     8.07
  SINCE JAN 1      1.81                      4.05  -2.24     8.99

SNOWFALL (IN)
  YESTERDAY        0.0           0.0  2002   0.0    0.0      0.0
                                      2001
  MONTH TO DATE    T                         0.5   -0.5       T
  SINCE MAR 1      T                        10.0  -10.0     14.0
  SINCE JUL 1     13.7                      31.8  -18.1     28.2
  SNOW DEPTH       0

DEGREE DAYS
 HEATING
  YESTERDAY        0                         4     -4        6
  MONTH TO DATE   49                       145    -96      168
  SINCE MAR 1   1060                      1282   -222     1012
  SINCE JUL 1   4876                      5585   -709     4512

 COOLING
  YESTERDAY        1                         1      0        0
  MONTH TO DATE   56                        13     43        4
  SINCE MAR 1     62                        15     47        4
  SINCE JAN 1     62                        15     47        4
..................................................................


WIND (MPH)
  HIGHEST WIND SPEED    30   HIGHEST WIND DIRECTION     S (200)
  HIGHEST GUST SPEED    46   HIGHEST GUST DIRECTION     S (160)
  AVERAGE WIND SPEED     9.0


SKY COVER
  POSSIBLE SUNSHINE  MM
  AVERAGE SKY COVER 0.0


WEATHER CONDITIONS
 THE FOLLOWING WEATHER WAS RECORDED YESTERDAY.
  NO SIGNIFICANT WEATHER WAS OBSERVED.


RELATIVE HUMIDITY (PERCENT)
 HIGHEST    66           200 AM
 LOWEST     14           600 PM
 AVERAGE    40

..........................................................


THE PUEBLO CO CLIMATE NORMALS FOR TODAY
                         NORMAL    RECORD    YEAR
 MAXIMUM TEMPERATURE (F)   79       100      2000
 MINIMUM TEMPERATURE (F)   46        32      1893


SUNRISE AND SUNSET
MAY 23 2018...........SUNRISE   541 AM MDT   SUNSET   809 PM MDT
MAY 24 2018...........SUNRISE   540 AM MDT   SUNSET   810 PM MDT


-  INDICATES NEGATIVE NUMBERS.
R  INDICATES RECORD WAS SET OR TIED.
MM INDICATES DATA IS MISSING.
T  INDICATES TRACE AMOUNT.




$$
