000
CDUS46 KMFR 200827
CLIRBG


CLIMATE REPORT
NATIONAL WEATHER SERVICE MEDFORD, OR
127 AM PDT SUN MAY 20 2018


...................................

...THE ROSEBURG OR CLIMATE SUMMARY FOR MAY 19 2018...

CLIMATE NORMAL PERIOD 1981 TO 2010
CLIMATE RECORD PERIOD 1931 TO 2018


WEATHER ITEM   OBSERVED TIME   RECORD YEAR NORMAL DEPARTURE LAST
                VALUE   (LST)  VALUE       VALUE  FROM      YEAR
                                                  NORMAL
..................................................................
TEMPERATURE (F)
 YESTERDAY
  MAXIMUM         73    550 PM  94    2008  71      2       81
  MINIMUM         52    557 AM  36    1941  48      4       46
  AVERAGE         63                        59      4       64

PRECIPITATION (IN)
  YESTERDAY        0.00          0.49 2002   0.07  -0.07     0.00
  MONTH TO DATE    0.27                      1.47  -1.20     1.14
  SINCE OCT 1     21.04                     32.48 -11.44    41.55
  SINCE JAN 1     12.67                     16.83  -4.16    22.63

SNOWFALL (IN)
  YESTERDAY       MM                        MM     MM       MM
  MONTH TO DATE    0.0                      MM     MM       MM
  SINCE JUL 1      0.0                      MM     MM       MM
  SNOW DEPTH      MM

DEGREE DAYS
 HEATING
  YESTERDAY        2                         7     -5        1
  MONTH TO DATE   53                       151    -98      144
  SINCE MAR 1    921                      1046   -125      957
  SINCE JUL 1   3675                      3915   -240     3673

 COOLING
  YESTERDAY        0                         1     -1        0
  MONTH TO DATE   10                         7      3       13
  SINCE MAR 1     16                         8      8       13
  SINCE JAN 1     16                         8      8       13
..................................................................


WIND (MPH)
  RESULTANT WIND SPEED   5   RESULTANT WIND DIRECTION   N (350)
  HIGHEST WIND SPEED    12   HIGHEST WIND DIRECTION     N (10)
  HIGHEST GUST SPEED    16   HIGHEST GUST DIRECTION     N (20)
  AVERAGE WIND SPEED     5.6


SKY COVER
  POSSIBLE SUNSHINE  MM
  AVERAGE SKY COVER 0.6


WEATHER CONDITIONS
 THE FOLLOWING WEATHER WAS RECORDED YESTERDAY.
  FOG


RELATIVE HUMIDITY (PERCENT)
 HIGHEST    96           600 AM
 LOWEST     44           500 PM
 AVERAGE    70

..........................................................


THE ROSEBURG OR CLIMATE NORMALS FOR TODAY
                         NORMAL    RECORD    YEAR
 MAXIMUM TEMPERATURE (F)   71        94      1963
 MINIMUM TEMPERATURE (F)   48        36      1959


SUNRISE AND SUNSET
MAY 20 2018...........SUNRISE   545 AM PDT   SUNSET   836 PM PDT
MAY 21 2018...........SUNRISE   544 AM PDT   SUNSET   837 PM PDT


-  INDICATES NEGATIVE NUMBERS.
R  INDICATES RECORD WAS SET OR TIED.
MM INDICATES DATA IS MISSING.
T  INDICATES TRACE AMOUNT.




$$
