000
CDUS45 KRIW 240741
CLIRIW


CLIMATE REPORT
NATIONAL WEATHER SERVICE RIVERTON WY
140 AM MDT TUE APR 24 2018


...................................

...THE RIVERTON WY CLIMATE SUMMARY FOR APRIL 23 2018...

CLIMATE NORMAL PERIOD 1981 TO 2010
CLIMATE RECORD PERIOD 1995 TO 2018


WEATHER ITEM   OBSERVED TIME   RECORD YEAR NORMAL DEPARTURE LAST
                VALUE   (LST)  VALUE       VALUE  FROM      YEAR
                                                  NORMAL
..................................................................
TEMPERATURE (F)
 YESTERDAY
  MAXIMUM         50   1230 AM  83    2012  60    -10       68
  MINIMUM         33   1159 PM   9    2013  33      0       39
  AVERAGE         42                        46     -4       54

PRECIPITATION (IN)
  YESTERDAY        0.01          0.71 2010   0.04  -0.03     0.00
  MONTH TO DATE    0.22                      0.91  -0.69     1.74
  SINCE MAR 1      0.95                      1.46  -0.51     5.45
  SINCE JAN 1      2.11                      1.97   0.14     7.31

SNOWFALL (IN)
  YESTERDAY        T                                         0.0
  MONTH TO DATE    4.2                                       4.6
  SINCE MAR 1     11.7                                       4.6
  SINCE JUL 1     48.3                                      52.3
  SNOW DEPTH       0

DEGREE DAYS
 HEATING
  YESTERDAY       23                        19      4       11
  MONTH TO DATE  528                       502     26      446
  SINCE MAR 1   1425                      1420      5     1150
  SINCE JUL 1   7221                      7274    -53     7024

 COOLING
  YESTERDAY        0                         0      0        0
  MONTH TO DATE    0                         0      0        0
  SINCE MAR 1      0                         0      0        0
  SINCE JAN 1      0                         0      0        0
..................................................................


WIND (MPH)
  HIGHEST WIND SPEED    32   HIGHEST WIND DIRECTION     N (20)
  HIGHEST GUST SPEED    40   HIGHEST GUST DIRECTION     N (20)
  AVERAGE WIND SPEED    16.6


SKY COVER
  POSSIBLE SUNSHINE  MM
  AVERAGE SKY COVER 0.8


WEATHER CONDITIONS
 THE FOLLOWING WEATHER WAS RECORDED YESTERDAY.
  LIGHT RAIN
  LIGHT SNOW
  FOG


RELATIVE HUMIDITY (PERCENT)
 HIGHEST    85          1100 AM
 LOWEST     50          1200 AM
 AVERAGE    68

..........................................................


THE RIVERTON WY CLIMATE NORMALS FOR TODAY
                         NORMAL    RECORD    YEAR
 MAXIMUM TEMPERATURE (F)   60        85      2012
 MINIMUM TEMPERATURE (F)   33        22      2013
                                             2011
                                             2002


SUNRISE AND SUNSET
APRIL 24 2018.........SUNRISE   618 AM MDT   SUNSET   807 PM MDT
APRIL 25 2018.........SUNRISE   616 AM MDT   SUNSET   808 PM MDT


-  INDICATES NEGATIVE NUMBERS.
R  INDICATES RECORD WAS SET OR TIED.
MM INDICATES DATA IS MISSING.
T  INDICATES TRACE AMOUNT.




$$
