000
CDUS42 KFFC 252034
CLIRMG


CLIMATE REPORT
NATIONAL WEATHER SERVICE PEACHTREE CITY GA
434 PM EDT FRI MAY 25 2018


...................................

...THE ROME  CLIMATE SUMMARY FOR MAY 25 2018...
VALID TODAY AS OF 0400 PM LOCAL TIME.

CLIMATE NORMAL PERIOD 1981 TO 2010
CLIMATE RECORD PERIOD 9999 TO 9999


WEATHER ITEM   OBSERVED TIME   RECORD YEAR NORMAL DEPARTURE LAST
                VALUE   (LST)  VALUE       VALUE  FROM      YEAR
                                                  NORMAL
..................................................................
TEMPERATURE (F)
 TODAY
  MAXIMUM         87    240 PM  MM      MM  83      4       75
  MINIMUM         71    641 AM  MM      MM  59     12       56
  AVERAGE         79                        71      8       66

PRECIPITATION (IN)
  TODAY            0.00         MM      MM   0.12  -0.12     0.05
  MONTH TO DATE    1.40                      3.46  -2.06     4.86
  SINCE MAR 1      9.64                     12.46  -2.82    15.64
  SINCE JAN 1     18.47                     22.15  -3.68    26.90

DEGREE DAYS
 COOLING
  TODAY           14                         6      8        1
  MONTH TO DATE  218                        92    126      138
  SINCE MAR 1    228                       125    103      280
  SINCE JAN 1    254                       125    129      280
..................................................................


WIND (MPH)
  RESULTANT WIND SPEED   2   RESULTANT WIND DIRECTION  SE (130)
  HIGHEST WIND SPEED    12   HIGHEST WIND DIRECTION    SE (140)
  HIGHEST GUST SPEED    14   HIGHEST GUST DIRECTION    SE (150)
  AVERAGE WIND SPEED     3.0


SKY COVER
  AVERAGE SKY COVER 0.7


WEATHER CONDITIONS
 THE FOLLOWING WEATHER WAS RECORDED TODAY.
  NO SIGNIFICANT WEATHER WAS OBSERVED.


RELATIVE HUMIDITY (PERCENT)
 HIGHEST    93           300 AM
 LOWEST     57           200 PM
 AVERAGE    75

..........................................................


THE ROME  CLIMATE NORMALS FOR TOMORROW
                         NORMAL    RECORD    YEAR
 MAXIMUM TEMPERATURE (F)   83        MM        MM
 MINIMUM TEMPERATURE (F)   59        MM        MM


SUNRISE AND SUNSET
MAY 25 2018...........SUNRISE   632 AM EDT   SUNSET   843 PM EDT
MAY 26 2018...........SUNRISE   632 AM EDT   SUNSET   844 PM EDT


-  INDICATES NEGATIVE NUMBERS.
R  INDICATES RECORD WAS SET OR TIED.
MM INDICATES DATA IS MISSING.
T  INDICATES TRACE AMOUNT.




$$
