000
CDUS46 KSGX 270035
CLIRNM


CLIMATE REPORT
NATIONAL WEATHER SERVICE SAN DIEGO, CA
534 PM PDT THU APR 26 2018


...................................

...THE RAMONA AIRPORT CA CLIMATE SUMMARY FOR APRIL 26 2018...
VALID TODAY AS OF 0500 PM LOCAL TIME.

CLIMATE NORMAL PERIOD 1981 TO 2010
CLIMATE RECORD PERIOD 1974 TO 2018


WEATHER ITEM   OBSERVED TIME   RECORD YEAR NORMAL DEPARTURE LAST
                VALUE   (LST)  VALUE       VALUE  FROM      YEAR
                                                  NORMAL
..................................................................
TEMPERATURE (F)
 TODAY
  MAXIMUM         77   1223 PM  96    2004  72      5       77
  MINIMUM         47    613 AM  32    1974  44      3       44
  AVERAGE         62                        58      4       61

PRECIPITATION (IN)
  TODAY            0.00          0.78 1994   0.05  -0.05     0.00
  MONTH TO DATE    0.02                      1.24  -1.22      T
  SINCE OCT 1      5.58                     14.89  -9.31    21.58
  SINCE JAN 1      5.54                     10.75  -5.21    14.56

DEGREE DAYS
 HEATING
  TODAY            3                         8     -5        4
  MONTH TO DATE  137                       249   -112      138
  SINCE MAR 1    459                       624   -165      365
  SINCE JUL 1   1577                      2365   -788     1800

 COOLING
  TODAY            0                         0      0        0
  MONTH TO DATE   10                         0     10        9
  SINCE MAR 1     10                         0     10       12
  SINCE JAN 1     26                         1     25       12
..................................................................


WIND (MPH)
  RESULTANT WIND SPEED   4   RESULTANT WIND DIRECTION   W (280)
  HIGHEST WIND SPEED    16   HIGHEST WIND DIRECTION     W (270)
  HIGHEST GUST SPEED    21   HIGHEST GUST DIRECTION     W (280)
  AVERAGE WIND SPEED     4.6


SKY COVER
  POSSIBLE SUNSHINE  MM
  AVERAGE SKY COVER 0.4


WEATHER CONDITIONS
 THE FOLLOWING WEATHER WAS RECORDED TODAY.
  FOG
  FOG W/VISIBILITY <= 1/4 MILE


RELATIVE HUMIDITY (PERCENT)
 HIGHEST   100           100 AM
 LOWEST     43          1200 PM
 AVERAGE    72

..........................................................


THE RAMONA AIRPORT CA CLIMATE NORMALS FOR TOMORROW
                         NORMAL    RECORD    YEAR
 MAXIMUM TEMPERATURE (F)   72        97      2004
 MINIMUM TEMPERATURE (F)   44        34      1974


SUNRISE AND SUNSET
APRIL 26 2018.........SUNRISE   605 AM PDT   SUNSET   726 PM PDT
APRIL 27 2018.........SUNRISE   604 AM PDT   SUNSET   727 PM PDT


-  INDICATES NEGATIVE NUMBERS.
R  INDICATES RECORD WAS SET OR TIED.
MM INDICATES DATA IS MISSING.
T  INDICATES TRACE AMOUNT.




$$
