000
CDUS46 KSGX 260021
CLISAN


CLIMATE REPORT
NATIONAL WEATHER SERVICE SAN DIEGO, CA
521 PM PDT WED APR 25 2018


...................................

...THE SAN DIEGO INTL AIRPORT CA CLIMATE SUMMARY FOR APRIL 25 2018...
VALID TODAY AS OF 0500 PM LOCAL TIME.

CLIMATE NORMAL PERIOD 1981 TO 2010
CLIMATE RECORD PERIOD 1874 TO 2018


WEATHER ITEM   OBSERVED TIME   RECORD YEAR NORMAL DEPARTURE LAST
                VALUE   (LST)  VALUE       VALUE  FROM      YEAR
                                                  NORMAL
..................................................................
TEMPERATURE (F)
 TODAY
  MAXIMUM         68   1215 PM  83    1992  68      0       69
  MINIMUM         56    530 AM  44    1883  57     -1       62
                                      1880
  AVERAGE         62                        63     -1       66

PRECIPITATION (IN)
  TODAY            0.00          0.86 1951   0.02  -0.02      T
  MONTH TO DATE    0.01                      0.70  -0.69     0.01
  SINCE OCT 1      3.19                      9.87  -6.68    11.71
  SINCE JAN 1      3.10                      6.76  -3.66     6.81

DEGREE DAYS
 HEATING
  TODAY            3                         3      0        0
  MONTH TO DATE   46                        98    -52       19
  SINCE MAR 1    169                       276   -107       95
  SINCE JUL 1    620                      1134   -514      687

 COOLING
  TODAY            0                         1     -1        1
  MONTH TO DATE   23                         7     16       21
  SINCE MAR 1     24                        12     12       32
  SINCE JAN 1     41                        17     24       32
..................................................................


WIND (MPH)
  RESULTANT WIND SPEED   5   RESULTANT WIND DIRECTION  NW (300)
  HIGHEST WIND SPEED    14   HIGHEST WIND DIRECTION    NW (310)
  HIGHEST GUST SPEED    18   HIGHEST GUST DIRECTION    NW (300)
  AVERAGE WIND SPEED     6.1


SKY COVER
  POSSIBLE SUNSHINE  MM
  AVERAGE SKY COVER 0.7


WEATHER CONDITIONS
 THE FOLLOWING WEATHER WAS RECORDED TODAY.
  FOG
  HAZE


RELATIVE HUMIDITY (PERCENT)
 HIGHEST    80          1200 AM
 LOWEST     58          1200 PM
 AVERAGE    69

..........................................................


THE SAN DIEGO INTL AIRPORT CA CLIMATE NORMALS FOR TOMORROW
                         NORMAL    RECORD    YEAR
 MAXIMUM TEMPERATURE (F)   68        88      2004
 MINIMUM TEMPERATURE (F)   57        47      1932
                                             1882


SUNRISE AND SUNSET
APRIL 25 2018.........SUNRISE   608 AM PDT   SUNSET   726 PM PDT
APRIL 26 2018.........SUNRISE   607 AM PDT   SUNSET   727 PM PDT


-  INDICATES NEGATIVE NUMBERS.
R  INDICATES RECORD WAS SET OR TIED.
MM INDICATES DATA IS MISSING.
T  INDICATES TRACE AMOUNT.




$$
