000
CDUS44 KEWX 242229
CLISAT


CLIMATE REPORT
NATIONAL WEATHER SERVICE AUSTIN/SAN ANTONIO, TX
529 PM CDT THU MAY 24 2018


...................................

...THE SAN ANTONIO CLIMATE SUMMARY FOR MAY 24 2018...
VALID TODAY AS OF 0500 PM LOCAL TIME.

CLIMATE NORMAL PERIOD 1981 TO 2010
CLIMATE RECORD PERIOD 1886 TO 2018


WEATHER ITEM   OBSERVED TIME   RECORD YEAR NORMAL DEPARTURE LAST
                VALUE   (LST)  VALUE       VALUE  FROM      YEAR
                                                  NORMAL
..................................................................
TEMPERATURE (F)
 TODAY
  MAXIMUM         92    358 PM 101    1989  89      3       87
                                      1955
                                      1925
  MINIMUM         72    356 AM  54    2017  69      3       54
  AVERAGE         82                        79      3       71

PRECIPITATION (IN)
  TODAY            0.00          2.76 1908   0.13  -0.13     0.00
  MONTH TO DATE    0.97                      2.97  -2.00     0.77
  SINCE MAR 1      5.35                      7.38  -2.03     5.75
  SINCE JAN 1      7.54                     10.93  -3.39    12.08

SNOWFALL (IN)
  TODAY            0.0
  MONTH TO DATE    0.0
  SINCE MAR 1      T
  SINCE JUL 1      1.9
  SNOW DEPTH       0

DEGREE DAYS
 HEATING
  TODAY            0                         0      0        0
  MONTH TO DATE    0                         0      0        0
  SINCE MAR 1     87                       193   -106       60
  SINCE JUL 1   1303                      1494   -191      778

 COOLING
  TODAY           17                        14      3        6
  MONTH TO DATE  343                       268     75      228
  SINCE MAR 1    598                       501     97      561
  SINCE JAN 1    644                       527    117      661
..................................................................


WIND (MPH)
  HIGHEST WIND SPEED    12   HIGHEST WIND DIRECTION     S (160)
  HIGHEST GUST SPEED    17   HIGHEST GUST DIRECTION     S (160)
  AVERAGE WIND SPEED     6.3


SKY COVER
  AVERAGE SKY COVER 0.8


WEATHER CONDITIONS
 THE FOLLOWING WEATHER WAS RECORDED TODAY.
  NO SIGNIFICANT WEATHER WAS OBSERVED.


RELATIVE HUMIDITY (PERCENT)
 HIGHEST    93           400 AM
 LOWEST     38           400 PM
 AVERAGE    66

..........................................................


THE SAN ANTONIO CLIMATE NORMALS FOR TOMORROW
                         NORMAL    RECORD    YEAR
 MAXIMUM TEMPERATURE (F)   89       103      1989
 MINIMUM TEMPERATURE (F)   69        58      1967
                                             1947


SUNRISE AND SUNSET
MAY 24 2018...........SUNRISE   637 AM CDT   SUNSET   825 PM CDT
MAY 25 2018...........SUNRISE   636 AM CDT   SUNSET   826 PM CDT


-  INDICATES NEGATIVE NUMBERS.
R  INDICATES RECORD WAS SET OR TIED.
MM INDICATES DATA IS MISSING.
T  INDICATES TRACE AMOUNT.




$$
