972
CDUS46 KLOX 231000
CLISBA


CLIMATE REPORT
NATIONAL WEATHER SERVICE LOS ANGELES/OXNARD CA
300 AM PDT MON APR 23 2018


...................................

...THE SANTA BARBARA AIRPORT CA CLIMATE SUMMARY FOR APRIL 22 2018...

CLIMATE NORMAL PERIOD 1981 TO 2010
CLIMATE RECORD PERIOD 1940 TO 2018


WEATHER ITEM   OBSERVED TIME   RECORD YEAR NORMAL DEPARTURE LAST
                VALUE   (LST)  VALUE       VALUE  FROM      YEAR
                                                  NORMAL
..................................................................
TEMPERATURE (F)
 YESTERDAY
  MAXIMUM         72    138 PM  86    1987  68      4       80
  MINIMUM         51    603 AM  38    1970  49      2       51
  AVERAGE         62                        58      4       66

PRECIPITATION (IN)
  YESTERDAY        0.00          0.32 1980   0.02  -0.02     0.00
  MONTH TO DATE    T                         0.81  -0.81     0.41
  SINCE OCT 1      8.30                     16.75  -8.45    24.11
  SINCE JAN 1      8.23                     11.45  -3.22    19.30

SNOWFALL (IN)
  YESTERDAY        0.0
  MONTH TO DATE    0.0
  SINCE MAR 1      0.0
  SINCE JUL 1      0.0

DEGREE DAYS
 HEATING
  YESTERDAY        3                         7     -4        0
  MONTH TO DATE  119                       176    -57      128
  SINCE MAR 1    434                       472    -38      333
  SINCE JUL 1   1685                      2073   -388     1701

 COOLING
  YESTERDAY        0                         0      0        1
  MONTH TO DATE   10                         0     10        7
  SINCE MAR 1     10                         2      8        7
  SINCE JAN 1     10                         2      8        7
..................................................................


WIND (MPH)
  HIGHEST WIND SPEED    10   HIGHEST WIND DIRECTION    SE (150)
  HIGHEST GUST SPEED    14   HIGHEST GUST DIRECTION     S (160)
  AVERAGE WIND SPEED     4.1


SKY COVER
  POSSIBLE SUNSHINE  MM
  AVERAGE SKY COVER 0.0


WEATHER CONDITIONS
 THE FOLLOWING WEATHER WAS RECORDED YESTERDAY.
  FOG
  HAZE


RELATIVE HUMIDITY (PERCENT)
 HIGHEST    93           100 AM
 LOWEST     49           200 PM
 AVERAGE    71

..........................................................


THE SANTA BARBARA AIRPORT CA CLIMATE NORMALS FOR TODAY
                         NORMAL    RECORD    YEAR
 MAXIMUM TEMPERATURE (F)   68        82      1995
 MINIMUM TEMPERATURE (F)   49        37      1961


SUNRISE AND SUNSET
APRIL 23 2018.........SUNRISE   618 AM PDT   SUNSET   738 PM PDT
APRIL 24 2018.........SUNRISE   617 AM PDT   SUNSET   738 PM PDT


-  INDICATES NEGATIVE NUMBERS.
R  INDICATES RECORD WAS SET OR TIED.
MM INDICATES DATA IS MISSING.
T  INDICATES TRACE AMOUNT.




$$
