000
CDUS43 KIWX 260535
CLISBN


CLIMATE REPORT
NATIONAL WEATHER SERVICE NORTHERN INDIANA
135 AM EDT THU APR 26 2018


...................................

...THE SOUTH BEND CLIMATE SUMMARY FOR APRIL 25 2018...

CLIMATE NORMAL PERIOD 1981 TO 2010
CLIMATE RECORD PERIOD 1893 TO 2018


WEATHER ITEM   OBSERVED TIME   RECORD YEAR NORMAL DEPARTURE LAST
                VALUE   (LST)  VALUE       VALUE  FROM      YEAR
                                                  NORMAL
..................................................................
TEMPERATURE (F)
 YESTERDAY
  MAXIMUM         55   1016 AM  87    1990  63     -8       74
  MINIMUM         34   1131 PM  23    1919  42     -8       49
  AVERAGE         45                        53     -8       62

PRECIPITATION (IN)
  YESTERDAY        0.00          2.48 2007   0.11  -0.11     0.00
  MONTH TO DATE    2.92                      2.66   0.26     2.02
  SINCE MAR 1      4.70                      5.08  -0.38     6.25
  SINCE JAN 1     14.71                      9.32   5.39    13.24

SNOWFALL (IN)
  YESTERDAY        0.0           T    1976   0.1   -0.1      0.0
                                      1968
                                      1950
  MONTH TO DATE    1.5                       1.4    0.1      0.6
  SINCE MAR 1      9.1                       8.5    0.6      8.5
  SINCE JUL 1     93.1                      66.6   26.5     42.2
  SNOW DEPTH       0

DEGREE DAYS
 HEATING
  YESTERDAY       20                        13      7        3
  MONTH TO DATE  645                       429    216      340
  SINCE MAR 1   1592                      1284    308     1202
  SINCE JUL 1   6285                      5973    312     5179

 COOLING
  YESTERDAY        0                         0      0        0
  MONTH TO DATE    0                         0      0        4
  SINCE MAR 1      0                         1     -1        4
  SINCE JAN 1      0                         1     -1        4
..................................................................


WIND (MPH)
  HIGHEST WIND SPEED    25   HIGHEST WIND DIRECTION     N (350)
  HIGHEST GUST SPEED    30   HIGHEST GUST DIRECTION     N (340)
  AVERAGE WIND SPEED    12.3


SKY COVER
  AVERAGE SKY COVER 0.3


WEATHER CONDITIONS
 THE FOLLOWING WEATHER WAS RECORDED YESTERDAY.
  FOG


RELATIVE HUMIDITY (PERCENT)
 HIGHEST   100           400 AM
 LOWEST     42           600 PM
 AVERAGE    71

..........................................................


THE SOUTH BEND CLIMATE NORMALS FOR TODAY
                         NORMAL    RECORD    YEAR
 MAXIMUM TEMPERATURE (F)   64        88      1915
 MINIMUM TEMPERATURE (F)   42        25      1997
                                             1930
                                             1928


SUNRISE AND SUNSET
APRIL 26 2018.........SUNRISE   649 AM EDT   SUNSET   838 PM EDT
APRIL 27 2018.........SUNRISE   647 AM EDT   SUNSET   839 PM EDT


-  INDICATES NEGATIVE NUMBERS.
R  INDICATES RECORD WAS SET OR TIED.
MM INDICATES DATA IS MISSING.
T  INDICATES TRACE AMOUNT.




$$
