000
CDUS46 KSEW 240830
CLISEA


CLIMATE REPORT
NATIONAL WEATHER SERVICE SEATTLE WA
130 AM PDT THU MAY 24 2018


...................................

...THE SEATTLE-TACOMA WA AIRPORT CLIMATE SUMMARY FOR MAY 23 2018...

CLIMATE NORMAL PERIOD 1981 TO 2010
CLIMATE RECORD PERIOD 1945 TO 2018


WEATHER ITEM   OBSERVED TIME   RECORD YEAR NORMAL DEPARTURE LAST
                VALUE   (LST)  VALUE       VALUE  FROM      YEAR
                                                  NORMAL
..................................................................
TEMPERATURE (F)
 YESTERDAY
  MAXIMUM         80    428 PM  90    1969  66     14       78
  MINIMUM         55    425 AM  37    1980  49      6       53
                                      1950
  AVERAGE         68                        57     11       66

PRECIPITATION (IN)
  YESTERDAY        0.00          0.70 1962   0.06  -0.06     0.00
  MONTH TO DATE    0.12                      1.43  -1.31     2.16
  SINCE OCT 1     37.39                     32.33   5.06    47.16
  SINCE JAN 1     18.53                     16.93   1.60    26.76

DEGREE DAYS
 HEATING
  YESTERDAY        0                         8     -8        0
  MONTH TO DATE   91                       226   -135      199
  SINCE MAR 1   1069                      1240   -171     1203
  SINCE JUL 1   4102                      4494   -392     4376

 COOLING
  YESTERDAY        3                         0      3        1
  MONTH TO DATE   15                         0     15        6
  SINCE MAR 1     17                         0     17        6
  SINCE JAN 1     17                         0     17        6
..................................................................


WIND (MPH)
  RESULTANT WIND SPEED   3   RESULTANT WIND DIRECTION   W (260)
  HIGHEST WIND SPEED    15   HIGHEST WIND DIRECTION     S (200)
  HIGHEST GUST SPEED    18   HIGHEST GUST DIRECTION    SW (210)
  AVERAGE WIND SPEED     6.9


SKY COVER
  AVERAGE SKY COVER 0.3


WEATHER CONDITIONS
 THE FOLLOWING WEATHER WAS RECORDED YESTERDAY.
  NO SIGNIFICANT WEATHER WAS OBSERVED.


RELATIVE HUMIDITY (PERCENT)
 HIGHEST    80          1000 PM
 LOWEST     32           500 PM
 AVERAGE    56

..........................................................


THE SEATTLE-TACOMA WA AIRPORT CLIMATE NORMALS FOR TODAY
                         NORMAL    RECORD    YEAR
 MAXIMUM TEMPERATURE (F)   66        89      1992
 MINIMUM TEMPERATURE (F)   49        37      1975
                                             1950


SUNRISE AND SUNSET
MAY 24 2018...........SUNRISE   522 AM PDT   SUNSET   850 PM PDT
MAY 25 2018...........SUNRISE   521 AM PDT   SUNSET   851 PM PDT


-  INDICATES NEGATIVE NUMBERS.
R  INDICATES RECORD WAS SET OR TIED.
MM INDICATES DATA IS MISSING.
T  INDICATES TRACE AMOUNT.




$$
