000
CDUS46 KPQR 231145
CLISLE


CLIMATE REPORT
NATIONAL WEATHER SERVICE PORTLAND OREGON
444 AM PDT MON APR 23 2018


...................................

...THE SALEM OR CLIMATE SUMMARY FOR APRIL 22 2018...

CLIMATE NORMAL PERIOD 1981 TO 2010
CLIMATE RECORD PERIOD 1892 TO 2018


WEATHER ITEM   OBSERVED TIME   RECORD YEAR NORMAL DEPARTURE LAST
                VALUE   (LST)  VALUE       VALUE  FROM      YEAR
                                                  NORMAL
..................................................................
TEMPERATURE (F)
 YESTERDAY
  MAXIMUM         65    448 PM  80    2012  62      3       64
                                      1982
                                      1910
  MINIMUM         38    541 AM  27    1972  40     -2       47
  AVERAGE         52                        51      1       56

PRECIPITATION (IN)
  YESTERDAY        0.00          0.96 1996   0.09  -0.09     0.11
  MONTH TO DATE    5.02                      2.19   2.83     2.61
  SINCE OCT 1     32.87                     33.09  -0.22    52.41
  SINCE JAN 1     17.77                     16.70   1.07    29.11

DEGREE DAYS
 HEATING
  YESTERDAY       13                        14     -1        9
  MONTH TO DATE  311                       336    -25      317
  SINCE MAR 1    903                       899      4      836
  SINCE JUL 1   3828                      4139   -311     3994

 COOLING
  YESTERDAY        0                         0      0        0
  MONTH TO DATE    0                         0      0        0
  SINCE MAR 1      0                         0      0        0
  SINCE JAN 1      0                         0      0        0
..................................................................


WIND (MPH)
  HIGHEST WIND SPEED    18   HIGHEST WIND DIRECTION     N (20)
  HIGHEST GUST SPEED    23   HIGHEST GUST DIRECTION     N (10)
  AVERAGE WIND SPEED     8.5


SKY COVER
  POSSIBLE SUNSHINE  MM
  AVERAGE SKY COVER 0.0


WEATHER CONDITIONS
 THE FOLLOWING WEATHER WAS RECORDED YESTERDAY.
  NO SIGNIFICANT WEATHER WAS OBSERVED.


RELATIVE HUMIDITY (PERCENT)
 HIGHEST    82           700 AM
 LOWEST     26           400 PM
 AVERAGE    54

..........................................................


THE SALEM OR CLIMATE NORMALS FOR TODAY
                         NORMAL    RECORD    YEAR
 MAXIMUM TEMPERATURE (F)   63        84      1910
 MINIMUM TEMPERATURE (F)   40        30      1954
                                             1900


SUNRISE AND SUNSET
APRIL 23 2018.........SUNRISE   614 AM PDT   SUNSET   808 PM PDT
APRIL 24 2018.........SUNRISE   612 AM PDT   SUNSET   809 PM PDT


-  INDICATES NEGATIVE NUMBERS.
R  INDICATES RECORD WAS SET OR TIED.
MM INDICATES DATA IS MISSING.
T  INDICATES TRACE AMOUNT.




$$
