000
CDUS46 KSGX 241125
CLISNA


CLIMATE REPORT
NATIONAL WEATHER SERVICE SAN DIEGO, CA
425 AM PDT TUE APR 24 2018


...................................

...THE JOHN WAYNE AIRPORT CA CLIMATE SUMMARY FOR APRIL 23 2018...

CLIMATE NORMAL PERIOD 1981 TO 2010
CLIMATE RECORD PERIOD 1999 TO 2018


WEATHER ITEM   OBSERVED TIME   RECORD YEAR NORMAL DEPARTURE LAST
                VALUE   (LST)  VALUE       VALUE  FROM      YEAR
                                                  NORMAL
..................................................................
TEMPERATURE (F)
 YESTERDAY
  MAXIMUM         71    203 PM  86    2004  70      1       79
  MINIMUM         56   1159 PM  48    2010  55      1       61
  AVERAGE         64                        62      2       70

PRECIPITATION (IN)
  YESTERDAY        0.00          0.21 2006   0.03  -0.03     0.00
  MONTH TO DATE    0.05                      0.68  -0.63     0.04
  SINCE OCT 1      2.71                     12.52  -9.81    15.80
  SINCE JAN 1      2.70                      8.44  -5.74     9.61

DEGREE DAYS
 HEATING
  YESTERDAY        1                         3     -2        0
  MONTH TO DATE   45                       100    -55       30
  SINCE MAR 1    191                       281    -90      114
  SINCE JUL 1    655                      1187   -532      855

 COOLING
  YESTERDAY        0                         1     -1        5
  MONTH TO DATE   27                         5     22       28
  SINCE MAR 1     27                        12     15       36
  SINCE JAN 1     53                        20     33       36
..................................................................


WIND (MPH)
  RESULTANT WIND SPEED   5   RESULTANT WIND DIRECTION  SW (210)
  HIGHEST WIND SPEED    15   HIGHEST WIND DIRECTION     S (200)
  HIGHEST GUST SPEED    19   HIGHEST GUST DIRECTION     S (200)
  AVERAGE WIND SPEED     5.3


SKY COVER
  POSSIBLE SUNSHINE  MM
  AVERAGE SKY COVER 0.6


WEATHER CONDITIONS
 THE FOLLOWING WEATHER WAS RECORDED YESTERDAY.
  FOG
  HAZE


RELATIVE HUMIDITY (PERCENT)
 HIGHEST   100           600 AM
 LOWEST     57           200 PM
 AVERAGE    79

..........................................................


THE JOHN WAYNE AIRPORT CA CLIMATE NORMALS FOR TODAY
                         NORMAL    RECORD    YEAR
 MAXIMUM TEMPERATURE (F)   70        91      2001
 MINIMUM TEMPERATURE (F)   55        51      2008
                                             2006


SUNRISE AND SUNSET
APRIL 24 2018.........SUNRISE   610 AM PDT   SUNSET   729 PM PDT
APRIL 25 2018.........SUNRISE   609 AM PDT   SUNSET   730 PM PDT


-  INDICATES NEGATIVE NUMBERS.
R  INDICATES RECORD WAS SET OR TIED.
MM INDICATES DATA IS MISSING.
T  INDICATES TRACE AMOUNT.




$$
