000
CDUS44 KOUN 230640 RRA
CLISPS

CLIMATE REPORT
NATIONAL WEATHER SERVICE NORMAN OK
139 AM CDT MON APR 23 2018


...................................

...THE WICHITA FALLS CLIMATE SUMMARY FOR APRIL 22 2018...

CLIMATE NORMAL PERIOD 1981 TO 2010
CLIMATE RECORD PERIOD 1897 TO 2018


WEATHER ITEM   OBSERVED TIME   RECORD YEAR NORMAL DEPARTURE LAST
                VALUE   (LST)  VALUE       VALUE  FROM      YEAR
                                                  NORMAL
..................................................................
TEMPERATURE (F)
 YESTERDAY
  MAXIMUM         68    131 PM 100    2009  78    -10       64
  MINIMUM         45    622 AM  35    1931  51     -6       44
  AVERAGE         57                        64     -7       54

PRECIPITATION (IN)
  YESTERDAY        0.00          2.80 1915   0.10  -0.10     0.00
  MONTH TO DATE    1.19                      1.70  -0.51     0.90
  SINCE MAR 1      3.98                      3.90   0.08     1.65
  SINCE JAN 1      6.84                      6.79   0.05     5.62

SNOWFALL (IN)
  YESTERDAY        0.0           0.0  2002   0.0    0.0      0.0
  MONTH TO DATE    0.0                       0.0    0.0      0.0
  SINCE MAR 1      0.0                       0.5   -0.5      0.0
  SINCE JUL 1      1.0                       3.9   -2.9       T

DEGREE DAYS
 HEATING
  YESTERDAY        8                         3      5       11
  MONTH TO DATE  214                       122     92       60
  SINCE MAR 1    466                       479    -13      264
  SINCE JUL 1   2852                      2925    -73     2108

 COOLING
  YESTERDAY        0                         3     -3        0
  MONTH TO DATE   33                        43    -10       55
  SINCE MAR 1     61                        62     -1      112
  SINCE JAN 1     70                        65      5      130
..................................................................


WIND (MPH)
  HIGHEST WIND SPEED    24   HIGHEST WIND DIRECTION     N (350)
  HIGHEST GUST SPEED    29   HIGHEST GUST DIRECTION    NW (310)
  AVERAGE WIND SPEED    12.9


SKY COVER
  AVERAGE SKY COVER 0.4


WEATHER CONDITIONS
 THE FOLLOWING WEATHER WAS RECORDED YESTERDAY.
  NO SIGNIFICANT WEATHER WAS OBSERVED.


RELATIVE HUMIDITY (PERCENT)
 HIGHEST    92           600 AM
 LOWEST     42           400 PM
 AVERAGE    67

..........................................................


THE WICHITA FALLS CLIMATE NORMALS FOR TODAY
                         NORMAL    RECORD    YEAR
 MAXIMUM TEMPERATURE (F)   78        94      2009
 MINIMUM TEMPERATURE (F)   52        36      2013


SUNRISE AND SUNSET
APRIL 23 2018.........SUNRISE   653 AM CDT   SUNSET   811 PM CDT
APRIL 24 2018.........SUNRISE   652 AM CDT   SUNSET   812 PM CDT


-  INDICATES NEGATIVE NUMBERS.
R  INDICATES RECORD WAS SET OR TIED.
MM INDICATES DATA IS MISSING.
T  INDICATES TRACE AMOUNT.




$$
