000
CDUS42 KJAX 240527
CLISSI


CLIMATE REPORT
NATIONAL WEATHER SERVICE JACKSONVILLE FL
126 AM EDT THU MAY 24 2018


...................................

...THE ST SIMONS ISLAND CLIMATE SUMMARY FOR MAY 23 2018...

CLIMATE NORMAL PERIOD 1981 TO 2010
CLIMATE RECORD PERIOD 1948 TO 2018


WEATHER ITEM   OBSERVED TIME   RECORD YEAR NORMAL DEPARTURE LAST
                VALUE   (LST)  VALUE       VALUE  FROM      YEAR
                                                  NORMAL
..................................................................
TEMPERATURE (F)
 YESTERDAY
  MAXIMUM         84    117 PM  98    1956  84      0       82
  MINIMUM         73    545 AM  57    2002  69      4       74
  AVERAGE         79                        76      3       78

PRECIPITATION (IN)
  YESTERDAY        T             0.50 1977   0.07  -0.07     0.17
  MONTH TO DATE    1.52                      1.20   0.32     2.39
  SINCE MAR 1      7.48                      7.57  -0.09     4.64
  SINCE JAN 1     12.27                     14.26  -1.99    10.50

SNOWFALL (IN)
  YESTERDAY        0.0           0.0    MM                   0.0
  MONTH TO DATE    0.0                                       0.0
  SINCE MAR 1      0.0                                       0.0
  SINCE JUL 1      0.0                                       0.0
  SNOW DEPTH       0

DEGREE DAYS
 HEATING
  YESTERDAY        0                         0      0        0
  MONTH TO DATE    0                         2     -2        0
  SINCE MAR 1    243                       235      8      166
  SINCE JUL 1   1296                      1486   -190      781

 COOLING
  YESTERDAY       14                        11      3       13
  MONTH TO DATE  249                       199     50      261
  SINCE MAR 1    377                       333     44      547
  SINCE JAN 1    439                       342     97      599
..................................................................


WIND (MPH)
  HIGHEST WIND SPEED    17   HIGHEST WIND DIRECTION    SE (130)
  HIGHEST GUST SPEED    23   HIGHEST GUST DIRECTION     S (170)
  AVERAGE WIND SPEED     8.2


SKY COVER
  POSSIBLE SUNSHINE  MM
  AVERAGE SKY COVER 0.1


WEATHER CONDITIONS
 THE FOLLOWING WEATHER WAS RECORDED YESTERDAY.
  LIGHT RAIN


RELATIVE HUMIDITY (PERCENT)
 HIGHEST    93           300 AM
 LOWEST     65          1000 AM
 AVERAGE    79

..........................................................


THE ST SIMONS ISLAND CLIMATE NORMALS FOR TODAY
                         NORMAL    RECORD    YEAR
 MAXIMUM TEMPERATURE (F)   84        96      1953
 MINIMUM TEMPERATURE (F)   69        55      1967


SUNRISE AND SUNSET
MAY 24 2018...........SUNRISE   625 AM EDT   SUNSET   820 PM EDT
MAY 25 2018...........SUNRISE   625 AM EDT   SUNSET   821 PM EDT


-  INDICATES NEGATIVE NUMBERS.
R  INDICATES RECORD WAS SET OR TIED.
MM INDICATES DATA IS MISSING.
T  INDICATES TRACE AMOUNT.




$$
