000
CDUS43 KEAX 250634
CLISTJ


CLIMATE REPORT
NATIONAL WEATHER SERVICE KANSAS CITY/PLEASANT HILL MO
134 AM CDT FRI MAY 25 2018


...................................

...THE ST. JOSEPH MO CLIMATE SUMMARY FOR MAY 24 2018...

CLIMATE NORMAL PERIOD 1981 TO 2010
CLIMATE RECORD PERIOD 1892 TO 2018


WEATHER ITEM   OBSERVED TIME   RECORD YEAR NORMAL DEPARTURE LAST
                VALUE   (LST)  VALUE       VALUE  FROM      YEAR
                                                  NORMAL
..................................................................
TEMPERATURE (F)
 YESTERDAY
  MAXIMUM         90    327 PM  97    1967  78     12       69
  MINIMUM         66    504 AM  38    1924  56     10       48
  AVERAGE         78                        67     11       59

PRECIPITATION (IN)
  YESTERDAY        0.00          1.20 2011   0.18  -0.18     0.00
  MONTH TO DATE    1.69                      4.27  -2.58     3.45
  SINCE MAR 1      2.60                     10.31  -7.71    10.66
  SINCE JAN 1      4.06                     11.80  -7.74    11.68

DEGREE DAYS
 HEATING
  YESTERDAY        0                         2     -2        6
  MONTH TO DATE    0                       103   -103      111
  SINCE MAR 1   1272                      1133    139      958
  SINCE JUL 1   5143                      5441   -298     4255

 COOLING
  YESTERDAY       13                         4      9        0
  MONTH TO DATE  172                        56    116       76
  SINCE MAR 1    179                        77    102       94
  SINCE JAN 1    179                        77    102       94
..................................................................


WIND (MPH)
  HIGHEST WIND SPEED    21   HIGHEST WIND DIRECTION     S (200)
  HIGHEST GUST SPEED    27   HIGHEST GUST DIRECTION     S (160)
  AVERAGE WIND SPEED     9.6


SKY COVER
  POSSIBLE SUNSHINE  MM
  AVERAGE SKY COVER 0.1


WEATHER CONDITIONS
 THE FOLLOWING WEATHER WAS RECORDED YESTERDAY.
  NO SIGNIFICANT WEATHER WAS OBSERVED.


RELATIVE HUMIDITY (PERCENT)
 HIGHEST    93           300 AM
 LOWEST     50           200 PM
 AVERAGE    72

..........................................................


THE ST. JOSEPH MO CLIMATE NORMALS FOR TODAY
                         NORMAL    RECORD    YEAR
 MAXIMUM TEMPERATURE (F)   79        98      1967
 MINIMUM TEMPERATURE (F)   57        36      1925


SUNRISE AND SUNSET
MAY 25 2018...........SUNRISE   557 AM CDT   SUNSET   836 PM CDT
MAY 26 2018...........SUNRISE   557 AM CDT   SUNSET   837 PM CDT


-  INDICATES NEGATIVE NUMBERS.
R  INDICATES RECORD WAS SET OR TIED.
MM INDICATES DATA IS MISSING.
T  INDICATES TRACE AMOUNT.




$$
