000
CDUS44 KBMX 242135
CLITCL


CLIMATE REPORT
NATIONAL WEATHER SERVICE BIRMINGHAM, AL
434 PM CDT THU MAY 24 2018


...................................

...THE TUSCALOOSA CLIMATE SUMMARY FOR MAY 24 2018...
VALID TODAY AS OF 0400 PM LOCAL TIME.

CLIMATE NORMAL PERIOD 1981 TO 2010
CLIMATE RECORD PERIOD 1948 TO 2018


WEATHER ITEM   OBSERVED TIME   RECORD YEAR NORMAL DEPARTURE LAST
                VALUE   (LST)  VALUE       VALUE  FROM      YEAR
                                                  NORMAL
..................................................................
TEMPERATURE (F)
 TODAY
  MAXIMUM         92        MM  97    1996  85      7       71
  MINIMUM         70        MM  50    2002  62      8       57
  AVERAGE         81                        74      7       64

PRECIPITATION (IN)
  TODAY            0.00          1.58 1957   0.13  -0.13     0.36
  MONTH TO DATE    2.28                      3.08  -0.80     3.37
  SINCE MAR 1     14.13                     11.83   2.30    14.66
  SINCE JAN 1     25.93                     22.50   3.43    25.87

DEGREE DAYS
 COOLING
  TODAY           16                         9      7
  MONTH TO DATE  260                       155    105
  SINCE MAR 1    313                       238     75
  SINCE JAN 1    367                       243    124
..................................................................


WIND (MPH)
  HIGHEST WIND SPEED     7   HIGHEST WIND DIRECTION    NE (40)
  HIGHEST GUST SPEED    MM   HIGHEST GUST DIRECTION    MM
  AVERAGE WIND SPEED     1.3


SKY COVER
  AVERAGE SKY COVER 0.4


WEATHER CONDITIONS
 THE FOLLOWING WEATHER WAS RECORDED TODAY.
  THUNDERSTORM
  FOG
  FOG W/VISIBILITY <= 1/4 MILE


RELATIVE HUMIDITY (PERCENT)
 HIGHEST   100           500 AM
 LOWEST     44           100 PM
 AVERAGE    72

..........................................................


THE TUSCALOOSA CLIMATE NORMALS FOR TOMORROW
                         NORMAL    RECORD    YEAR
 MAXIMUM TEMPERATURE (F)   85        95      1958
                                             1953
 MINIMUM TEMPERATURE (F)   63        51      1979


SUNRISE AND SUNSET
MAY 24 2018...........SUNRISE   545 AM CDT   SUNSET   750 PM CDT
MAY 25 2018...........SUNRISE   545 AM CDT   SUNSET   750 PM CDT


-  INDICATES NEGATIVE NUMBERS.
R  INDICATES RECORD WAS SET OR TIED.
MM INDICATES DATA IS MISSING.
T  INDICATES TRACE AMOUNT.




$$
