000
CDUS44 KBMX 260737
CLITOI


CLIMATE REPORT
NATIONAL WEATHER SERVICE BIRMINGHAM, AL
236 AM CDT SAT MAY 26 2018


...................................

...THE TROY CLIMATE SUMMARY FOR MAY 25 2018...

CLIMATE NORMAL PERIOD 1981 TO 2010
CLIMATE RECORD PERIOD 9999 TO 9999


WEATHER ITEM   OBSERVED TIME   RECORD YEAR NORMAL DEPARTURE LAST
                VALUE   (LST)  VALUE       VALUE  FROM      YEAR
                                                  NORMAL
..................................................................
TEMPERATURE (F)
 YESTERDAY
  MAXIMUM         87    226 PM  MM      MM  86      1       77
  MINIMUM         67    556 AM  MM      MM  61      6       55
  AVERAGE         77                        74      3       66

PRECIPITATION (IN)
  YESTERDAY        0.69                      0.15   0.54     0.00
  MONTH TO DATE    1.93                      2.51  -0.58     7.75
  SINCE MAR 1      8.41                     12.53  -4.12    13.67
  SINCE JAN 1     13.67                     21.66  -7.99    32.30

DEGREE DAYS
 COOLING
  YESTERDAY       12                         9      3        1
  MONTH TO DATE  224                       153     71      141
  SINCE MAR 1    278                       225     53      323
  SINCE JAN 1    336                       230    106      345
..................................................................


WIND (MPH)
  HIGHEST WIND SPEED    18   HIGHEST WIND DIRECTION     S (180)
  HIGHEST GUST SPEED    24   HIGHEST GUST DIRECTION     S (190)
  AVERAGE WIND SPEED     3.0


SKY COVER
  AVERAGE SKY COVER 0.6


WEATHER CONDITIONS
 THE FOLLOWING WEATHER WAS RECORDED YESTERDAY.
  THUNDERSTORM
  HEAVY RAIN
  RAIN
  LIGHT RAIN
  FOG
  FOG W/VISIBILITY <= 1/4 MILE


RELATIVE HUMIDITY (PERCENT)
 HIGHEST   100           500 AM
 LOWEST     55           300 PM
 AVERAGE    78

..........................................................


THE TROY CLIMATE NORMALS FOR TODAY
                         NORMAL    RECORD    YEAR
 MAXIMUM TEMPERATURE (F)   86        MM        MM
 MINIMUM TEMPERATURE (F)   62        MM        MM


SUNRISE AND SUNSET
MAY 26 2018...........SUNRISE   541 AM CDT   SUNSET   741 PM CDT
MAY 27 2018...........SUNRISE   541 AM CDT   SUNSET   742 PM CDT


-  INDICATES NEGATIVE NUMBERS.
R  INDICATES RECORD WAS SET OR TIED.
MM INDICATES DATA IS MISSING.
T  INDICATES TRACE AMOUNT.




$$
