000
CDUS41 KCLE 240527
CLITOL


CLIMATE REPORT
NATIONAL WEATHER SERVICE CLEVELAND OH
127 AM EDT TUE APR 24 2018


...................................

...THE TOLEDO OH CLIMATE SUMMARY FOR APRIL 23 2018...

CLIMATE NORMAL PERIOD 1981 TO 2010
CLIMATE RECORD PERIOD 1873 TO 2018


WEATHER ITEM   OBSERVED TIME   RECORD YEAR NORMAL DEPARTURE LAST
                VALUE   (LST)  VALUE       VALUE  FROM      YEAR
                                                  NORMAL
..................................................................
TEMPERATURE (F)
 YESTERDAY
  MAXIMUM         71    217 PM  86    1985  63      8       67
                                      1960
  MINIMUM         41    553 AM  21    1986  41      0       33
  AVERAGE         56                        52      4       50

PRECIPITATION (IN)
  YESTERDAY        T                         0.11  -0.11     0.00
  MONTH TO DATE    2.28                      2.46  -0.18     2.29
  SINCE MAR 1      5.45                      4.94   0.51     5.93
  SINCE JAN 1     10.44                      9.06   1.38    11.70

SNOWFALL (IN)
  YESTERDAY        0.0                       0.0    0.0      0.0
  MONTH TO DATE    1.6                       1.2    0.4      0.7
  SINCE MAR 1      3.5                       6.9   -3.4      5.4
  SINCE JUL 1     34.3                      37.4   -3.1     22.4
  SNOW DEPTH       0

DEGREE DAYS
 HEATING
  YESTERDAY        9                        13     -4       15
  MONTH TO DATE  549                       394    155      275
  SINCE MAR 1   1468                      1244    224     1147
  SINCE JUL 1   5872                      5820     52     4992

 COOLING
  YESTERDAY        0                         0      0        0
  MONTH TO DATE    0                         0      0        3
  SINCE MAR 1      0                         0      0        3
  SINCE JAN 1      0                         0      0        3
..................................................................


WIND (MPH)
  HIGHEST WIND SPEED    18   HIGHEST WIND DIRECTION    NE (60)
  HIGHEST GUST SPEED    24   HIGHEST GUST DIRECTION     S (200)
  AVERAGE WIND SPEED     8.3


SKY COVER
  POSSIBLE SUNSHINE  MM
  AVERAGE SKY COVER 0.3


WEATHER CONDITIONS
 THE FOLLOWING WEATHER WAS RECORDED YESTERDAY.
  LIGHT RAIN


RELATIVE HUMIDITY (PERCENT)
 HIGHEST    79           600 AM
 LOWEST     41           100 PM
 AVERAGE    60

..........................................................


THE TOLEDO OH CLIMATE NORMALS FOR TODAY
                         NORMAL    RECORD    YEAR
 MAXIMUM TEMPERATURE (F)   64        88      1925
 MINIMUM TEMPERATURE (F)   42        23      2015


SUNRISE AND SUNSET
APRIL 24 2018.........SUNRISE   642 AM EDT   SUNSET   826 PM EDT
APRIL 25 2018.........SUNRISE   640 AM EDT   SUNSET   827 PM EDT


-  INDICATES NEGATIVE NUMBERS.
R  INDICATES RECORD WAS SET OR TIED.
MM INDICATES DATA IS MISSING.
T  INDICATES TRACE AMOUNT.




$$
