000
CDUS44 KMRX 260820
CLITRI


CLIMATE REPORT
NATIONAL WEATHER SERVICE MORRISTOWN TN
420 AM EDT THU APR 26 2018


...................................

...THE TRI-CITIES      ASOS CLIMATE SUMMARY FOR APRIL 25 2018...

CLIMATE NORMAL PERIOD 1981 TO 2010
CLIMATE RECORD PERIOD 1937 TO 2018


WEATHER ITEM   OBSERVED TIME   RECORD YEAR NORMAL DEPARTURE LAST
                VALUE   (LST)  VALUE       VALUE  FROM      YEAR
                                                  NORMAL
..................................................................
TEMPERATURE (F)
 YESTERDAY
  MAXIMUM         65    302 PM  87    1960  71     -6       68
  MINIMUM         54    633 AM  31    1969  45      9       51
                                      1967
  AVERAGE         60                        58      2       60

PRECIPITATION (IN)
  YESTERDAY        T             1.99 1975   0.12  -0.12      T
  MONTH TO DATE    2.86                      2.76   0.10     4.84
  SINCE MAR 1      7.27                      6.20   1.07     9.41
  SINCE JAN 1     16.00                     13.02   2.98    14.09

SNOWFALL (IN)
  YESTERDAY        0.0                       0.0    0.0      0.0
  MONTH TO DATE    0.2                       1.0   -0.8      0.0
  SINCE MAR 1      2.4                       2.4    0.0      0.3
  SINCE JUL 1      7.1                      13.2   -6.1      4.3
  SNOW DEPTH       0

DEGREE DAYS
 HEATING
  YESTERDAY        5                         8     -3        5
  MONTH TO DATE  323                       270     53      138
  SINCE MAR 1    925                       838     87      665
  SINCE JUL 1   3979                      4220   -241     3232

 COOLING
  YESTERDAY        0                         1     -1        0
  MONTH TO DATE    1                         4     -3        9
  SINCE MAR 1      3                         5     -2        9
  SINCE JAN 1     12                         5      7        9
..................................................................


WIND (MPH)
  HIGHEST WIND SPEED    18   HIGHEST WIND DIRECTION    NW (320)
  HIGHEST GUST SPEED    21   HIGHEST GUST DIRECTION    NW (320)
  AVERAGE WIND SPEED     7.5


SKY COVER
  POSSIBLE SUNSHINE  MM
  AVERAGE SKY COVER 1.0


WEATHER CONDITIONS
 THE FOLLOWING WEATHER WAS RECORDED YESTERDAY.
  LIGHT RAIN
  FOG


RELATIVE HUMIDITY (PERCENT)
 HIGHEST   100          1200 AM
 LOWEST     67          1200 PM
 AVERAGE    84

..........................................................


THE TRI-CITIES      ASOS CLIMATE NORMALS FOR TODAY
                         NORMAL    RECORD    YEAR
 MAXIMUM TEMPERATURE (F)   71        88      1986
                                             1960
                                             1948
 MINIMUM TEMPERATURE (F)   45        31      1972


SUNRISE AND SUNSET
APRIL 26 2018.........SUNRISE   642 AM EDT   SUNSET   813 PM EDT
APRIL 27 2018.........SUNRISE   641 AM EDT   SUNSET   814 PM EDT


-  INDICATES NEGATIVE NUMBERS.
R  INDICATES RECORD WAS SET OR TIED.
MM INDICATES DATA IS MISSING.
T  INDICATES TRACE AMOUNT.




$$
