000
CDUS46 KPQR 261142
CLITTD


CLIMATE REPORT
NATIONAL WEATHER SERVICE PORTLAND OREGON
441 AM PDT THU APR 26 2018


...................................

...THE TROUTDALE OR CLIMATE SUMMARY FOR APRIL 25 2018...

CLIMATE NORMAL PERIOD 1981 TO 2010
CLIMATE RECORD PERIOD 1948 TO 2018


WEATHER ITEM   OBSERVED TIME   RECORD YEAR NORMAL DEPARTURE LAST
                VALUE   (LST)  VALUE       VALUE  FROM      YEAR
                                                  NORMAL
..................................................................
TEMPERATURE (F)
 YESTERDAY
  MAXIMUM         84R   530 PM  82    2001  63     21       55
                                      1995
  MINIMUM         56    631 AM  31    1955  42     14       48
  AVERAGE         70                        53     17       52

PRECIPITATION (IN)
  YESTERDAY        0.00                      0.12  -0.12     0.19
  MONTH TO DATE    3.73                      3.27   0.46     4.39
  SINCE OCT 1     27.95                     37.58  -9.63    43.24
  SINCE JAN 1     13.61                     19.18  -5.57    22.15

DEGREE DAYS
 HEATING
  YESTERDAY        0                        12    -12       13
  MONTH TO DATE  304                       348    -44      322

 COOLING
  YESTERDAY        5                         0      5        0
  MONTH TO DATE    7                         0      7        0
..................................................................


WIND (MPH)
  HIGHEST WIND SPEED    15   HIGHEST WIND DIRECTION     E (90)
  HIGHEST GUST SPEED    19   HIGHEST GUST DIRECTION     E (90)
  AVERAGE WIND SPEED     5.4


SKY COVER
  POSSIBLE SUNSHINE  MM
  AVERAGE SKY COVER 0.0


WEATHER CONDITIONS
 THE FOLLOWING WEATHER WAS RECORDED YESTERDAY.
  NO SIGNIFICANT WEATHER WAS OBSERVED.


RELATIVE HUMIDITY (PERCENT)
 HIGHEST    57           700 AM
 LOWEST     22           300 PM
 AVERAGE    40

..........................................................


THE TROUTDALE OR CLIMATE NORMALS FOR TODAY
                         NORMAL    RECORD    YEAR
 MAXIMUM TEMPERATURE (F)   64        89      1987
 MINIMUM TEMPERATURE (F)   42        32      1948


SUNRISE AND SUNSET
APRIL 26 2018.........SUNRISE   605 AM PDT   SUNSET   810 PM PDT
APRIL 27 2018.........SUNRISE   604 AM PDT   SUNSET   812 PM PDT


-  INDICATES NEGATIVE NUMBERS.
R  INDICATES RECORD WAS SET OR TIED.
MM INDICATES DATA IS MISSING.
T  INDICATES TRACE AMOUNT.




$$
