000
CDUS44 KTSA 251414
CLITUL

CLIMATE REPORT
NATIONAL WEATHER SERVICE TULSA OK
911 AM CDT FRI MAY 25 2018


...................................

...THE TULSA OKLAHOMA CLIMATE SUMMARY FOR MAY 25 2018...
VALID AS OF 0900 AM LOCAL TIME.

CLIMATE NORMAL PERIOD 1981 TO 2010
CLIMATE RECORD PERIOD 1882 TO 2018


WEATHER ITEM   OBSERVED TIME   RECORD YEAR NORMAL DEPARTURE LAST
                VALUE   (LST)  VALUE       VALUE  FROM      YEAR
                                                  NORMAL
..................................................................
TEMPERATURE (F)
 TODAY
  MAXIMUM         77    759 AM  97    2006  82     -5       84
  MINIMUM         70   1203 AM  45    1925  62      8       50
  AVERAGE         74                        72      2       67

PRECIPITATION (IN)
  TODAY            0.00          1.80 1974   0.19  -0.19     0.00
  MONTH TO DATE    2.33                      4.78  -2.45     5.88
  SINCE MAR 1      7.40                     11.86  -4.46    18.09
  SINCE JAN 1     12.48                     15.37  -2.89    22.69

DEGREE DAYS
 COOLING
  TODAY            9                         7      2        2
  MONTH TO DATE  273                       121    152       98
  SINCE MAR 1    297                       185    112      202
  SINCE JAN 1    302                       186    116      218
..................................................................


WIND (MPH)
  HIGHEST WIND SPEED    16   HIGHEST WIND DIRECTION     W (260)
  HIGHEST GUST SPEED    19   HIGHEST GUST DIRECTION     W (260)
  AVERAGE WIND SPEED     7.0


SKY COVER
  POSSIBLE SUNSHINE  MM
  AVERAGE SKY COVER 0.5


WEATHER CONDITIONS
 THE FOLLOWING WEATHER WAS RECORDED TODAY.
  NO SIGNIFICANT WEATHER WAS OBSERVED.


RELATIVE HUMIDITY (PERCENT)
 HIGHEST    79          1200 AM
 LOWEST     60           800 AM
 AVERAGE    70

..........................................................


THE TULSA OKLAHOMA CLIMATE NORMALS FOR TOMORROW
                         NORMAL    RECORD    YEAR
 MAXIMUM TEMPERATURE (F)   82        94      1926
                                             1920
 MINIMUM TEMPERATURE (F)   62        44      1925


SUNRISE AND SUNSET
MAY 25 2018...........SUNRISE   611 AM CDT   SUNSET   831 PM CDT
MAY 26 2018...........SUNRISE   610 AM CDT   SUNSET   831 PM CDT


-  INDICATES NEGATIVE NUMBERS.
R  INDICATES RECORD WAS SET OR TIED.
MM INDICATES DATA IS MISSING.
T  INDICATES TRACE AMOUNT.




$$

&&
ALL DATA MEASURED AT THE TULSA INTERNATIONAL AIRPORT...
EXCEPT SNOWFALL...WHICH IS MEASURED AT THE NWS OFFICE.
