000
CDUS44 KMEG 260644
CLITUP


CLIMATE REPORT
NATIONAL WEATHER SERVICE MEMPHIS TN
143 AM CDT THU APR 26 2018


...................................

...THE TUPELO CLIMATE SUMMARY FOR APRIL 25 2018...

CLIMATE NORMAL PERIOD 1981 TO 2010
CLIMATE RECORD PERIOD 1930 TO 2018


WEATHER ITEM   OBSERVED TIME   RECORD YEAR NORMAL DEPARTURE LAST
                VALUE   (LST)  VALUE       VALUE  FROM      YEAR
                                                  NORMAL
..................................................................
TEMPERATURE (F)
 YESTERDAY
  MAXIMUM         78    210 PM  88    1958  77      1       80
  MINIMUM         52    550 AM  32    1983  53     -1       48
  AVERAGE         65                        65      0       64

PRECIPITATION (IN)
  YESTERDAY        0.03          1.78 2015   0.17  -0.14     0.00
  MONTH TO DATE    6.28                      3.90   2.38     4.65
  SINCE MAR 1     10.17                      8.72   1.45     8.76
  SINCE JAN 1     26.52                     18.16   8.36    17.23

SNOWFALL (IN)
  YESTERDAY        0.0           T    1935   0.0    0.0      0.0
  MONTH TO DATE    0.0                       0.0    0.0      0.0
  SINCE MAR 1      0.0                       0.3   -0.3       T
  SINCE JUL 1      0.8                       2.1   -1.3       T
  SNOW DEPTH       0

DEGREE DAYS
 HEATING
  YESTERDAY        0                         3     -3        1
  MONTH TO DATE  203                       134     69       49
  SINCE MAR 1    548                       489     59      339
  SINCE JUL 1   2872                      2920    -48     1957

 COOLING
  YESTERDAY        0                         3     -3        0
  MONTH TO DATE   10                        44    -34       81
  SINCE MAR 1     20                        58    -38      115
  SINCE JAN 1     40                        60    -20      127
..................................................................


WIND (MPH)
  HIGHEST WIND SPEED    16   HIGHEST WIND DIRECTION    NW (330)
  HIGHEST GUST SPEED    22   HIGHEST GUST DIRECTION    NW (330)
  AVERAGE WIND SPEED     5.7


SKY COVER
  POSSIBLE SUNSHINE  MM
  AVERAGE SKY COVER 0.4


WEATHER CONDITIONS
 THE FOLLOWING WEATHER WAS RECORDED YESTERDAY.
  LIGHT RAIN
  FOG


RELATIVE HUMIDITY (PERCENT)
 HIGHEST    89           500 AM
 LOWEST     35           200 PM
 AVERAGE    62

..........................................................


THE TUPELO CLIMATE NORMALS FOR TODAY
                         NORMAL    RECORD    YEAR
 MAXIMUM TEMPERATURE (F)   77        88      1989
 MINIMUM TEMPERATURE (F)   53        33      1972


SUNRISE AND SUNSET
APRIL 26 2018.........SUNRISE   611 AM CDT   SUNSET   735 PM CDT
APRIL 27 2018.........SUNRISE   610 AM CDT   SUNSET   736 PM CDT


-  INDICATES NEGATIVE NUMBERS.
R  INDICATES RECORD WAS SET OR TIED.
MM INDICATES DATA IS MISSING.
T  INDICATES TRACE AMOUNT.




$$
