000
CDUS43 KAPX 192128
CLITVC


CLIMATE REPORT
NATIONAL WEATHER SERVICE GAYLORD MI
528 PM EDT THU APR 19 2018


...................................

...THE TRAVERSE CITY MI CLIMATE SUMMARY FOR APRIL 19 2018...
VALID TODAY AS OF 0500 PM LOCAL TIME.

CLIMATE NORMAL PERIOD 1981 TO 2010
CLIMATE RECORD PERIOD 1896 TO 2018


WEATHER ITEM   OBSERVED TIME   RECORD YEAR NORMAL DEPARTURE LAST
                VALUE   (LST)  VALUE       VALUE  FROM      YEAR
                                                  NORMAL
..................................................................
TEMPERATURE (F)
 TODAY
  MAXIMUM         44    359 PM  84    2005  56    -12       63
  MINIMUM         34    725 AM  15    1918  33      1       41
  AVERAGE         39                        44     -5       52

PRECIPITATION (IN)
  TODAY            0.00          0.79 1941   0.10  -0.10     0.00
                                      1941
                                      2011
  MONTH TO DATE    3.12                      1.80   1.32     1.65
  SINCE MAR 1      3.92                      3.66   0.26     3.38
  SINCE JAN 1      6.33                      7.98  -1.65     6.71

SNOWFALL (IN)
  TODAY           MM            MM      MM   0.0   MM       MM
  MONTH TO DATE   MM                         2.1   MM       MM
  SINCE OCT 1     MM                       100.8   MM       MM
  SINCE JUL 1     MM                       100.8   MM       MM

DEGREE DAYS
 HEATING
  TODAY           26                        21      5       13
  MONTH TO DATE  657                       461    196      326
  SINCE MAR 1   1720                      1523    197     1359
  SINCE JUL 1   6623                      6863   -240     5532

 COOLING
  TODAY            0                         0      0        0
  MONTH TO DATE    0                         0      0        2
  SINCE MAR 1      0                         0      0        2
  SINCE JAN 1      0                         0      0        2
..................................................................


WIND (MPH)
  RESULTANT WIND SPEED  10   RESULTANT WIND DIRECTION   N (350)
  HIGHEST WIND SPEED    20   HIGHEST WIND DIRECTION     N (340)
  HIGHEST GUST SPEED    25   HIGHEST GUST DIRECTION     N (350)
  AVERAGE WIND SPEED    10.6


SKY COVER
  POSSIBLE SUNSHINE  MM
  AVERAGE SKY COVER 0.1


WEATHER CONDITIONS
 THE FOLLOWING WEATHER WAS RECORDED TODAY.
  NO SIGNIFICANT WEATHER WAS OBSERVED.


RELATIVE HUMIDITY (PERCENT)
 HIGHEST    75          1200 AM
 LOWEST     40           400 PM
 AVERAGE    58

..........................................................




SUNRISE AND SUNSET
APRIL 19 2018.........SUNRISE   651 AM EDT   SUNSET   832 PM EDT
APRIL 20 2018.........SUNRISE   649 AM EDT   SUNSET   834 PM EDT


-  INDICATES NEGATIVE NUMBERS.
R  INDICATES RECORD WAS SET OR TIED.
MM INDICATES DATA IS MISSING.
T  INDICATES TRACE AMOUNT.




$$
