000
CDUS44 KJAN 262209
CLITVR


CLIMATE REPORT
NATIONAL WEATHER SERVICE JACKSON MS
503 PM CDT THU APR 26 2018


...................................

...THE VICKSBURG CLIMATE SUMMARY FOR APRIL 26 2018...
VALID TODAY AS OF 0500 PM LOCAL TIME.

CLIMATE NORMAL PERIOD 1981 TO 2010
CLIMATE RECORD PERIOD 1948 TO 2018


WEATHER ITEM   OBSERVED TIME   RECORD YEAR NORMAL DEPARTURE LAST
                VALUE   (LST)  VALUE       VALUE  FROM      YEAR
                                                  NORMAL
..................................................................
TEMPERATURE (F)
 TODAY
  MAXIMUM         65    257 PM  89    2014  79    -14       85
  MINIMUM         55    613 AM  42    1992  56     -1       62
  AVERAGE         60                        67     -7       74

PRECIPITATION (IN)
  TODAY            0.19          2.70 1980   0.16   0.03     1.19
  MONTH TO DATE    5.90                      4.34   1.56     9.23
  SINCE MAR 1     11.84                      9.37   2.47    12.09
  SINCE JAN 1     25.25                     19.71   5.54    18.85

SNOWFALL (IN)
  TODAY            0.0

DEGREE DAYS
 HEATING
  TODAY            5                         2      3        0
  MONTH TO DATE  123                        95     28       24
  SINCE MAR 1    319                       360    -41      198
  SINCE JUL 1   2205                      2336   -131     1474

 COOLING
  TODAY            0                         4     -4        9
  MONTH TO DATE   28                        69    -41      121
  SINCE MAR 1     70                        92    -22      207
  SINCE JAN 1    127                       101     26      258
..................................................................


WIND (MPH)
  HIGHEST WIND SPEED    16   HIGHEST WIND DIRECTION    NW (300)
  HIGHEST GUST SPEED    26   HIGHEST GUST DIRECTION     W (290)
  AVERAGE WIND SPEED     7.7


SKY COVER
  POSSIBLE SUNSHINE  MM
  AVERAGE SKY COVER 1.0


WEATHER CONDITIONS
 THE FOLLOWING WEATHER WAS RECORDED TODAY.
  HEAVY RAIN
  RAIN
  LIGHT RAIN
  FOG


RELATIVE HUMIDITY (PERCENT)
 HIGHEST   100          1200 AM
 LOWEST     72           200 PM
 AVERAGE    86

..........................................................


THE VICKSBURG CLIMATE NORMALS FOR TOMORROW
                         NORMAL    RECORD    YEAR
 MAXIMUM TEMPERATURE (F)   79        90      2014
 MINIMUM TEMPERATURE (F)   56        42      1992


SUNRISE AND SUNSET
APRIL 26 2018.........SUNRISE   623 AM CDT   SUNSET   742 PM CDT
APRIL 27 2018.........SUNRISE   622 AM CDT   SUNSET   742 PM CDT


-  INDICATES NEGATIVE NUMBERS.
R  INDICATES RECORD WAS SET OR TIED.
MM INDICATES DATA IS MISSING.
T  INDICATES TRACE AMOUNT.




$$
