000
CDUS44 KSHV 250734
CLITYR


CLIMATE REPORT
NATIONAL WEATHER SERVICE SHREVEPORT, LA
233 AM CDT FRI MAY 25 2018


...................................

...THE TYLER CLIMATE SUMMARY FOR MAY 24 2018...

CLIMATE NORMAL PERIOD 1981 TO 2010
CLIMATE RECORD PERIOD 1896 TO 2018


WEATHER ITEM   OBSERVED TIME   RECORD YEAR NORMAL DEPARTURE LAST
                VALUE   (LST)  VALUE       VALUE  FROM      YEAR
                                                  NORMAL
..................................................................
TEMPERATURE (F)
 YESTERDAY
  MAXIMUM         91    351 PM  96    1941  84      7       77
  MINIMUM         67    517 AM  47    1910  66      1       54
  AVERAGE         79                        75      4       66

PRECIPITATION (IN)
  YESTERDAY        0.00          4.75 1905   0.14  -0.14     0.00
  MONTH TO DATE    0.91                      3.57  -2.66     3.87
  SINCE DEC 1     21.93                     21.97  -0.04    18.99
  SINCE JAN 1     16.64                     17.73  -1.09    16.34

SNOWFALL (IN)
  YESTERDAY        0.0
  MONTH TO DATE    0.0
  SINCE MAR 1      0.0
  SINCE JUL 1      1.5
  SNOW DEPTH       0

DEGREE DAYS
 HEATING
  YESTERDAY        0                         0      0        0
  MONTH TO DATE    0                         6     -6        7
  SINCE MAR 1    268                       376   -108      173
  SINCE JUL 1   2070                      2268   -198     1256

 COOLING
  YESTERDAY       14                        10      4        1
  MONTH TO DATE  300                       180    120      143
  SINCE MAR 1    410                       280    130      389
  SINCE JAN 1    437                       292    145      463
..................................................................


WIND (MPH)
  HIGHEST WIND SPEED    13   HIGHEST WIND DIRECTION     N (10)
  HIGHEST GUST SPEED    17   HIGHEST GUST DIRECTION     S (200)
  AVERAGE WIND SPEED     5.5


SKY COVER
  POSSIBLE SUNSHINE  MM
  AVERAGE SKY COVER 0.2


WEATHER CONDITIONS
 THE FOLLOWING WEATHER WAS RECORDED YESTERDAY.
  NO SIGNIFICANT WEATHER WAS OBSERVED.


RELATIVE HUMIDITY (PERCENT)
 HIGHEST    97           200 AM
 LOWEST     41           600 PM
 AVERAGE    69

..........................................................


THE TYLER CLIMATE NORMALS FOR TODAY
                         NORMAL    RECORD    YEAR
 MAXIMUM TEMPERATURE (F)   85        98      1896
 MINIMUM TEMPERATURE (F)   66        45      1901


SUNRISE AND SUNSET
MAY 25 2018...........SUNRISE   618 AM CDT   SUNSET   820 PM CDT
MAY 26 2018...........SUNRISE   617 AM CDT   SUNSET   820 PM CDT


-  INDICATES NEGATIVE NUMBERS.
R  INDICATES RECORD WAS SET OR TIED.
MM INDICATES DATA IS MISSING.
T  INDICATES TRACE AMOUNT.




$$
