000
CDUS44 KMRX 200855
CLITYS


CLIMATE REPORT
NATIONAL WEATHER SERVICE MORRISTOWN TN
455 AM EDT SUN MAY 20 2018


...................................

...THE KNOXVILLE    ASOS CLIMATE SUMMARY FOR MAY 19 2018...

CLIMATE NORMAL PERIOD 1981 TO 2010
CLIMATE RECORD PERIOD 1871 TO 2018


WEATHER ITEM   OBSERVED TIME   RECORD YEAR NORMAL DEPARTURE LAST
                VALUE   (LST)  VALUE       VALUE  FROM      YEAR
                                                  NORMAL
..................................................................
TEMPERATURE (F)
 YESTERDAY
  MAXIMUM         85    420 PM  93    1962  79      6       87
  MINIMUM         65    651 AM  38    1976  57      8       69
  AVERAGE         75                        68      7       78

PRECIPITATION (IN)
  YESTERDAY        0.13          2.06 1929   0.15  -0.02     0.07
  MONTH TO DATE    1.19                      2.88  -1.69     1.93
  SINCE MAR 1     10.61                     11.23  -0.62    15.27
  SINCE JAN 1     20.43                     19.81   0.62    21.21

SNOWFALL (IN)
  YESTERDAY        0.0                       0.0    0.0      0.0
  MONTH TO DATE    0.0                       0.0    0.0      0.0
  SINCE MAR 1      T                         1.4   -1.4       T
  SINCE JUL 1      2.6                       6.5   -3.9      2.3
  SNOW DEPTH       0

DEGREE DAYS
 HEATING
  YESTERDAY        0                         1     -1        0
  MONTH TO DATE    4                        48    -44       46
  SINCE MAR 1    797                       727     70      526
  SINCE JUL 1   3530                      3623    -93     2585

 COOLING
  YESTERDAY       10                         4      6       13
  MONTH TO DATE  146                        56     90       87
  SINCE MAR 1    162                        93     69      183
  SINCE JAN 1    180                        93     87      183
..................................................................


WIND (MPH)
  HIGHEST WIND SPEED    21   HIGHEST WIND DIRECTION    SW (210)
  HIGHEST GUST SPEED    24   HIGHEST GUST DIRECTION     S (200)
  AVERAGE WIND SPEED     7.3


SKY COVER
  POSSIBLE SUNSHINE  MM
  AVERAGE SKY COVER 0.6


WEATHER CONDITIONS
 THE FOLLOWING WEATHER WAS RECORDED YESTERDAY.
  RAIN
  LIGHT RAIN
  FOG


RELATIVE HUMIDITY (PERCENT)
 HIGHEST   100          1200 AM
 LOWEST     55           200 PM
 AVERAGE    78

..........................................................


THE KNOXVILLE    ASOS CLIMATE NORMALS FOR TODAY
                         NORMAL    RECORD    YEAR
 MAXIMUM TEMPERATURE (F)   79        93      1941
 MINIMUM TEMPERATURE (F)   57        34      1894


SUNRISE AND SUNSET
MAY 20 2018...........SUNRISE   627 AM EDT   SUNSET   838 PM EDT
MAY 21 2018...........SUNRISE   626 AM EDT   SUNSET   839 PM EDT


-  INDICATES NEGATIVE NUMBERS.
R  INDICATES RECORD WAS SET OR TIED.
MM INDICATES DATA IS MISSING.
T  INDICATES TRACE AMOUNT.




$$
