619
CDUS43 KLOT 230643
CLIUGN


CLIMATE REPORT
NATIONAL WEATHER SERVICE CHICAGO IL
142 AM CDT MON APR 23 2018


...................................

...THE WAUKEGAN   CLIMATE SUMMARY FOR APRIL 22 2018...

CLIMATE NORMAL PERIOD 1981 TO 2010
CLIMATE RECORD PERIOD 2000 TO 2018


WEATHER ITEM   OBSERVED TIME   RECORD YEAR NORMAL DEPARTURE LAST
                VALUE   (LST)  VALUE       VALUE  FROM      YEAR
                                                  NORMAL
..................................................................
TEMPERATURE (F)
 YESTERDAY
  MAXIMUM         57    217 PM  81    2007  58     -1       56
  MINIMUM         30    131 AM  28    2003  39     -9       35
  AVERAGE         44                        49     -5       46

PRECIPITATION (IN)
  YESTERDAY        0.00          0.48 2011   0.11  -0.11     0.00
  MONTH TO DATE    1.82                      2.37  -0.55     2.89
  SINCE MAR 1      2.31                      4.69  -2.38     6.32
  SINCE JAN 1      5.49                      7.74  -2.25    10.54

DEGREE DAYS
 HEATING
  YESTERDAY       21                        17      4       19
  MONTH TO DATE  657                       453    204      331
  SINCE MAR 1   1638                      1377    261     1224
  SINCE JUL 1   6315                      6323     -8     5336

 COOLING
  YESTERDAY        0                         0      0        0
  MONTH TO DATE    0                         0      0        4
  SINCE MAR 1      0                         0      0        4
  SINCE JAN 1      0                         0      0        4
..................................................................


WIND (MPH)
  RESULTANT WIND SPEED   7   RESULTANT WIND DIRECTION  NE (50)
  HIGHEST WIND SPEED    16   HIGHEST WIND DIRECTION    NE (30)
  HIGHEST GUST SPEED    21   HIGHEST GUST DIRECTION    NE (30)
  AVERAGE WIND SPEED     7.6


SKY COVER
  POSSIBLE SUNSHINE  MM
  AVERAGE SKY COVER 0.0


WEATHER CONDITIONS
 THE FOLLOWING WEATHER WAS RECORDED YESTERDAY.
  NO SIGNIFICANT WEATHER WAS OBSERVED.


RELATIVE HUMIDITY (PERCENT)
 HIGHEST    75
 LOWEST     30
 AVERAGE    53

..........................................................


THE WAUKEGAN   CLIMATE NORMALS FOR TODAY
                         NORMAL    RECORD    YEAR
 MAXIMUM TEMPERATURE (F)   58        73      2001
 MINIMUM TEMPERATURE (F)   40        24      2003


SUNRISE AND SUNSET
APRIL 23 2018.........SUNRISE   558 AM CDT   SUNSET   742 PM CDT
APRIL 24 2018.........SUNRISE   557 AM CDT   SUNSET   743 PM CDT


-  INDICATES NEGATIVE NUMBERS.
R  INDICATES RECORD WAS SET OR TIED.
MM INDICATES DATA IS MISSING.
T  INDICATES TRACE AMOUNT.




$$
