000
CDUS46 KSEW 230832
CLIUIL


CLIMATE REPORT
NATIONAL WEATHER SERVICE SEATTLE WA
132 AM PDT MON APR 23 2018


...................................

...THE QUILLAYUTE WA AIRPORT CLIMATE SUMMARY FOR APRIL 22 2018...

CLIMATE NORMAL PERIOD 1981 TO 2010
CLIMATE RECORD PERIOD 1966 TO 2018


WEATHER ITEM   OBSERVED TIME   RECORD YEAR NORMAL DEPARTURE LAST
                VALUE   (LST)  VALUE       VALUE  FROM      YEAR
                                                  NORMAL
..................................................................
TEMPERATURE (F)
 YESTERDAY
  MAXIMUM         58    220 PM  76    2005  56      2       54
  MINIMUM         30    502 AM  27    1999  39     -9       47
  AVERAGE         44                        47     -3       51

PRECIPITATION (IN)
  YESTERDAY        0.00          1.63 2001   0.24  -0.24     0.86
  MONTH TO DATE   10.27                      6.07   4.20    11.91
  SINCE OCT 1     86.02                     80.86   5.16   114.86
  SINCE JAN 1     47.80                     41.86   5.94    54.93

DEGREE DAYS
 HEATING
  YESTERDAY       21                        18      3       14
  MONTH TO DATE  417                       414      3      382
  SINCE MAR 1   1111                      1062     49     1041
  SINCE JUL 1   4756                      4907   -151     4863

 COOLING
  YESTERDAY        0                         0      0        0
  MONTH TO DATE    0                         0      0        0
  SINCE MAR 1      0                         0      0        0
  SINCE JAN 1      0                         0      0        0
..................................................................


WIND (MPH)
  RESULTANT WIND SPEED   4   RESULTANT WIND DIRECTION   N (340)
  HIGHEST WIND SPEED    16   HIGHEST WIND DIRECTION     W (290)
  HIGHEST GUST SPEED    20   HIGHEST GUST DIRECTION     W (270)
  AVERAGE WIND SPEED     5.5


SKY COVER
  AVERAGE SKY COVER 0.1


WEATHER CONDITIONS
 THE FOLLOWING WEATHER WAS RECORDED YESTERDAY.
  NO SIGNIFICANT WEATHER WAS OBSERVED.


RELATIVE HUMIDITY (PERCENT)
 HIGHEST   100           600 AM
 LOWEST     50          1100 AM
 AVERAGE    75

..........................................................


THE QUILLAYUTE WA AIRPORT CLIMATE NORMALS FOR TODAY
                         NORMAL    RECORD    YEAR
 MAXIMUM TEMPERATURE (F)   56        71      1995
 MINIMUM TEMPERATURE (F)   39        30      1999


SUNRISE AND SUNSET
APRIL 23 2018.........SUNRISE   614 AM PDT   SUNSET   820 PM PDT
APRIL 24 2018.........SUNRISE   612 AM PDT   SUNSET   822 PM PDT


-  INDICATES NEGATIVE NUMBERS.
R  INDICATES RECORD WAS SET OR TIED.
MM INDICATES DATA IS MISSING.
T  INDICATES TRACE AMOUNT.




$$
