000
CDUS43 KLSX 250729
CLIUIN


CLIMATE REPORT
NATIONAL WEATHER SERVICE ST LOUIS MO
229 AM CDT WED APR 25 2018


...................................

...THE QUINCY IL CLIMATE SUMMARY FOR APRIL 24 2018...

CLIMATE NORMAL PERIOD 1981 TO 2010
CLIMATE RECORD PERIOD 1901 TO 2018


WEATHER ITEM   OBSERVED TIME   RECORD YEAR NORMAL DEPARTURE LAST
                VALUE   (LST)  VALUE       VALUE  FROM      YEAR
                                                  NORMAL
..................................................................
TEMPERATURE (F)
 YESTERDAY
  MAXIMUM         74    439 PM  89    1989  66      8       76
  MINIMUM         52   1213 AM  22    1910  46      6       46
  AVERAGE         63                        56      7

PRECIPITATION (IN)
  YESTERDAY        0.00          1.50 1904   0.14  -0.14     0.00
  MONTH TO DATE    0.63                      2.90  -2.27     2.00
  SINCE MAR 1      4.01                      5.36  -1.35     5.18
  SINCE JAN 1      8.13                      8.76  -0.63     7.23

DEGREE DAYS
 HEATING
  YESTERDAY        2                        10     -8
  MONTH TO DATE  513                       319    194
  SINCE MAR 1   1288                      1037    251
  SINCE JUL 1   5455                      5379     76

 COOLING
  YESTERDAY        0                         1     -1
  MONTH TO DATE    6                        11     -5
  SINCE MAR 1      6                        13     -7
  SINCE JAN 1      6                        13     -7
..................................................................


WIND (MPH)
  HIGHEST WIND SPEED    20   HIGHEST WIND DIRECTION     N (340)
  HIGHEST GUST SPEED    25   HIGHEST GUST DIRECTION    NW (330)
  AVERAGE WIND SPEED    10.0


SKY COVER
  AVERAGE SKY COVER 0.4



RELATIVE HUMIDITY (PERCENT)
 HIGHEST    96          1200 AM
 LOWEST     20           500 PM
 AVERAGE    58

..........................................................


THE QUINCY IL CLIMATE NORMALS FOR TODAY
                         NORMAL    RECORD    YEAR
 MAXIMUM TEMPERATURE (F)   67        92      1986
 MINIMUM TEMPERATURE (F)   46        32      1934


SUNRISE AND SUNSET
APRIL 25 2018.........SUNRISE   613 AM CDT   SUNSET   753 PM CDT
APRIL 26 2018.........SUNRISE   611 AM CDT   SUNSET   754 PM CDT


-  INDICATES NEGATIVE NUMBERS.
R  INDICATES RECORD WAS SET OR TIED.
MM INDICATES DATA IS MISSING.
T  INDICATES TRACE AMOUNT.




$$
