848
CDUS46 KEKA 221214
CLIUKI


CLIMATE REPORT
NATIONAL WEATHER SERVICE EUREKA CA
514 AM PDT TUE MAY 22 2018


...................................

...THE UKIAH CA CLIMATE SUMMARY FOR MAY 21 2018...

CLIMATE NORMAL PERIOD 1981 TO 2010
CLIMATE RECORD PERIOD 1903 TO 2018


WEATHER ITEM   OBSERVED TIME   RECORD YEAR NORMAL DEPARTURE LAST
                VALUE   (LST)  VALUE       VALUE  FROM      YEAR
                                                  NORMAL
..................................................................
TEMPERATURE (F)
 YESTERDAY
  MAXIMUM         81    348 PM  99    2001  78      3       95
  MINIMUM         48    529 AM  33    1922  47      1       51
  AVERAGE         65                        63      2       73

PRECIPITATION (IN)
  YESTERDAY        0.00          0.68 1996   0.03  -0.03     0.00
  MONTH TO DATE    0.00                      1.16  -1.16     0.01
  SINCE OCT 1     23.60                     36.16 -12.56    51.58
  SINCE JAN 1     18.02                     22.78  -4.76    34.47

SNOWFALL (IN)
  YESTERDAY        0.0          MM      MM  MM     MM        0.0
  MONTH TO DATE    0.0                      MM     MM        0.0
  SINCE MAR 1      0.0                      MM     MM        0.0
  SINCE JUL 1      0.0                      MM     MM        0.0
  SNOW DEPTH       0

DEGREE DAYS
 HEATING
  YESTERDAY        0                         4     -4        0
  MONTH TO DATE   38                       107    -69       83
  SINCE MAR 1    716                       820   -104      692
  SINCE JUL 1   2752                      3053   -301     2859

 COOLING
  YESTERDAY        0                         2     -2        8
  MONTH TO DATE    5                        28    -23       51
  SINCE MAR 1      8                        36    -28       51
  SINCE JAN 1      8                        36    -28       51
..................................................................


WIND (MPH)
  HIGHEST WIND SPEED    15   HIGHEST WIND DIRECTION     N (350)
  HIGHEST GUST SPEED    20   HIGHEST GUST DIRECTION     N (350)
  AVERAGE WIND SPEED     5.2


SKY COVER
  AVERAGE SKY COVER 0.0


WEATHER CONDITIONS
 THE FOLLOWING WEATHER WAS RECORDED YESTERDAY.
  NO SIGNIFICANT WEATHER WAS OBSERVED.


RELATIVE HUMIDITY (PERCENT)
 HIGHEST    86
 LOWEST     30
 AVERAGE    58

..........................................................


THE UKIAH CA CLIMATE NORMALS FOR TODAY
                         NORMAL    RECORD    YEAR
 MAXIMUM TEMPERATURE (F)   78        97      2017
 MINIMUM TEMPERATURE (F)   48        33      1909


SUNRISE AND SUNSET
MAY 22 2018...........SUNRISE   554 AM PDT   SUNSET   825 PM PDT
MAY 23 2018...........SUNRISE   553 AM PDT   SUNSET   826 PM PDT


-  INDICATES NEGATIVE NUMBERS.
R  INDICATES RECORD WAS SET OR TIED.
MM INDICATES DATA IS MISSING.
T  INDICATES TRACE AMOUNT.




$$
