000
CDUS44 KCRP 230948
CLIVCT

CLIMATE REPORT
NATIONAL WEATHER SERVICE CORPUS CHRISTI TX
446 AM CDT WED MAY 23 2018

...THE VICTORIA CLIMATE SUMMARY FOR MAY 22 2018...

CLIMATE NORMAL PERIOD 1981 TO 2010
CLIMATE RECORD PERIOD 1893 TO 2018


WEATHER ITEM   OBSERVED TIME   RECORD YEAR NORMAL DEPARTURE LAST
                VALUE   (LST)  VALUE       VALUE  FROM      YEAR
                                                  NORMAL
..................................................................
TEMPERATURE (F)
 YESTERDAY
  MAXIMUM         92   1138 AM  99    1917  88      4       86
  MINIMUM         70    615 AM  56    1911  69      1       69
  AVERAGE         81                        78      3       78

PRECIPITATION (IN)
  YESTERDAY        0.00          1.86 2017   0.18  -0.18     1.86
  MONTH TO DATE    0.35                      3.66  -3.31     2.72
  SINCE MAR 1      3.69                      9.25  -5.56    10.64
  SINCE JAN 1      5.87                     13.85  -7.98    19.24

SNOWFALL (IN)
  YESTERDAY        0.0
  MONTH TO DATE    0.0
  SINCE MAR 1      0.0
  SINCE JUL 1      2.0
  SNOW DEPTH       0

DEGREE DAYS
 HEATING
  YESTERDAY        0                         0      0        0
  MONTH TO DATE    0                         0      0        0
  SINCE MAR 1     86                       155    -69       36
  SINCE JUL 1   1133                      1248   -115      567

 COOLING
  YESTERDAY       16                        13      3       13
  MONTH TO DATE  304                       242     62      253
  SINCE MAR 1    585                       493     92      672
  SINCE JAN 1    675                       531    144      879
..................................................................


WIND (MPH)
  HIGHEST WIND SPEED    22   HIGHEST WIND DIRECTION    SE (130)
  HIGHEST GUST SPEED    26   HIGHEST GUST DIRECTION    SE (130)
  AVERAGE WIND SPEED     8.5


SKY COVER
  POSSIBLE SUNSHINE  MM
  AVERAGE SKY COVER 0.4


WEATHER CONDITIONS
 THE FOLLOWING WEATHER WAS RECORDED YESTERDAY.
  THUNDERSTORM
  FOG
  FOG W/VISIBILITY <= 1/4 MILE


RELATIVE HUMIDITY (PERCENT)
 HIGHEST   100           600 AM
 LOWEST     46           500 PM
 AVERAGE    73

..........................................................


THE VICTORIA CLIMATE NORMALS FOR TODAY
                         NORMAL    RECORD    YEAR
 MAXIMUM TEMPERATURE (F)   88        96      1932
 MINIMUM TEMPERATURE (F)   69        57      2001


SUNRISE AND SUNSET
MAY 23 2018...........SUNRISE   632 AM CDT   SUNSET   817 PM CDT
MAY 24 2018...........SUNRISE   632 AM CDT   SUNSET   817 PM CDT


-  INDICATES NEGATIVE NUMBERS.
R  INDICATES RECORD WAS SET OR TIED.
MM INDICATES DATA IS MISSING.
T  INDICATES TRACE AMOUNT.

$$

87
