000
CDUS43 KSGF 210632
CLIVIH


CLIMATE REPORT
NATIONAL WEATHER SERVICE SPRINGFIELD MO
132 AM CDT SAT APR 21 2018


...................................

...THE VICHY-ROLLA MO CLIMATE SUMMARY FOR APRIL 20 2018...

CLIMATE NORMAL PERIOD 1981 TO 2010
CLIMATE RECORD PERIOD 1888 TO 2018


WEATHER ITEM   OBSERVED TIME   RECORD YEAR NORMAL DEPARTURE LAST
                VALUE   (LST)  VALUE       VALUE  FROM      YEAR
                                                  NORMAL
..................................................................
TEMPERATURE (F)
 YESTERDAY
  MAXIMUM         65    406 PM  86    1902  68     -3       73
  MINIMUM         28    538 AM  27    1953  45    -17       52
  AVERAGE         47                        57    -10       63

PRECIPITATION (IN)
  YESTERDAY        0.00          2.14 1966   0.14  -0.14     0.23
  MONTH TO DATE    1.20                      2.70  -1.50     1.84
  SINCE MAR 1      4.59                      6.15  -1.56     4.98
  SINCE JAN 1     11.64                     10.25   1.39     7.04

DEGREE DAYS
 HEATING
  YESTERDAY       18                         9      9        2
  MONTH TO DATE  398                       237    161      111
  SINCE MAR 1   1063                       851    212      614
  SINCE JUL 1   4638                      4641     -3     3600

 COOLING
  YESTERDAY        0                         1     -1        0
  MONTH TO DATE   10                        14     -4       30
  SINCE MAR 1     10                        18     -8       33
  SINCE JAN 1     10                        18     -8       34
..................................................................


WIND (MPH)
  HIGHEST WIND SPEED    16   HIGHEST WIND DIRECTION     E (100)
  HIGHEST GUST SPEED    24   HIGHEST GUST DIRECTION     E (110)
  AVERAGE WIND SPEED     7.8


SKY COVER
  AVERAGE SKY COVER 0.0


WEATHER CONDITIONS
 THE FOLLOWING WEATHER WAS RECORDED YESTERDAY.
  NO SIGNIFICANT WEATHER WAS OBSERVED.


RELATIVE HUMIDITY (PERCENT)
 HIGHEST    85           400 AM
 LOWEST     16           200 PM
 AVERAGE    51

..........................................................


THE VICHY-ROLLA MO CLIMATE NORMALS FOR TODAY
                         NORMAL    RECORD    YEAR
 MAXIMUM TEMPERATURE (F)   68        90      1963
 MINIMUM TEMPERATURE (F)   46        30      1901


SUNRISE AND SUNSET
APRIL 21 2018.........SUNRISE   623 AM CDT   SUNSET   749 PM CDT
APRIL 22 2018.........SUNRISE   622 AM CDT   SUNSET   750 PM CDT


-  INDICATES NEGATIVE NUMBERS.
R  INDICATES RECORD WAS SET OR TIED.
MM INDICATES DATA IS MISSING.
T  INDICATES TRACE AMOUNT.




$$
