000
CDUS42 KTAE 250633
CLIVLD


CLIMATE REPORT
NATIONAL WEATHER SERVICE TALLAHASSEE FL
230 AM EDT WED APR 25 2018


...................................

...THE VALDOSTA CLIMATE SUMMARY FOR APRIL 24 2018...

CLIMATE NORMAL PERIOD 1981 TO 2010
CLIMATE RECORD PERIOD 1948 TO 2018


WEATHER ITEM   OBSERVED TIME   NORMAL DEPARTURE LAST
                VALUE   (LST)  VALUE  FROM      YEAR
                                      NORMAL
......................................................
TEMPERATURE (F)
 YESTERDAY
  MAXIMUM         75    411 PM  81     -6       70
  MINIMUM         56    631 AM  54      2       53
  AVERAGE         66            68     -2       62

PRECIPITATION (IN)
  YESTERDAY        T             0.07  -0.07     0.02
  MONTH TO DATE    5.24          2.48   2.76     1.94
  SINCE MAR 1      7.06          7.35  -0.29     3.14
  SINCE JAN 1     12.93         16.08  -3.15    13.45

SNOWFALL (IN)
  YESTERDAY        0.0
  MONTH TO DATE    0.0
  SINCE MAR 1      0.0
  SINCE JUL 1      0.6

DEGREE DAYS
 HEATING
  YESTERDAY        0             1     -1        3
  MONTH TO DATE   61            62     -1       30
  SINCE MAR 1    333           248     85      204
  SINCE JUL 1   1580          1628    -48      990

 COOLING
  YESTERDAY        1             4     -3        0
  MONTH TO DATE   40            65    -25      100
  SINCE MAR 1     74            98    -24      157
  SINCE JAN 1    157           108     49      203
......................................................


WIND (MPH)
  HIGHEST WIND SPEED     8   HIGHEST WIND DIRECTION     W (290)
  HIGHEST GUST SPEED    16   HIGHEST GUST DIRECTION     W (260)
  AVERAGE WIND SPEED     2.7




RELATIVE HUMIDITY (PERCENT)
 HIGHEST   100
 LOWEST     49
 AVERAGE    75

..........................................................




SUNRISE AND SUNSET
APRIL 25 2018.........SUNRISE   655 AM EDT   SUNSET   808 PM EDT
APRIL 26 2018.........SUNRISE   654 AM EDT   SUNSET   808 PM EDT


-  INDICATES NEGATIVE NUMBERS.
R  INDICATES RECORD WAS SET OR TIED.
MM INDICATES DATA IS MISSING.
T  INDICATES TRACE AMOUNT.




$$
