000
CDUS42 KFFC 240830
CLIVPC


CLIMATE REPORT
NATIONAL WEATHER SERVICE PEACHTREE CITY GA
430 AM EDT THU MAY 24 2018


...................................

...THE CARTERSVILLE CLIMATE SUMMARY FOR MAY 23 2018...

CLIMATE NORMAL PERIOD 1981 TO 2010
CLIMATE RECORD PERIOD 9999 TO 9999


WEATHER ITEM   OBSERVED TIME   RECORD YEAR NORMAL DEPARTURE LAST
                VALUE   (LST)  VALUE       VALUE  FROM      YEAR
                                                  NORMAL
..................................................................
TEMPERATURE (F)
 YESTERDAY
  MAXIMUM         88    447 PM  MM      MM  82      6       78
  MINIMUM         67   1157 PM  MM      MM  57     10       61
  AVERAGE         78                        70      8       70

PRECIPITATION (IN)
  YESTERDAY        0.00         MM      MM   0.13  -0.13     1.51
  MONTH TO DATE    0.55                      3.01  -2.46     7.00
  SINCE MAR 1     10.40                     11.64  -1.24    15.01
  SINCE JAN 1     20.42                     21.14  -0.72    23.55

DEGREE DAYS
 COOLING
  YESTERDAY       13                         5      8        5
  MONTH TO DATE  162                        76     86      104
  SINCE MAR 1    168                       101     67      203
  SINCE JAN 1    188                       101     87      203
..................................................................


WIND (MPH)
  RESULTANT WIND SPEED   1   RESULTANT WIND DIRECTION  NE (40)
  HIGHEST WIND SPEED    10   HIGHEST WIND DIRECTION     E (90)
  HIGHEST GUST SPEED    16   HIGHEST GUST DIRECTION     N (350)
  AVERAGE WIND SPEED     2.5


SKY COVER
  AVERAGE SKY COVER 0.7


WEATHER CONDITIONS
 THE FOLLOWING WEATHER WAS RECORDED YESTERDAY.
  THUNDERSTORM
  FOG


RELATIVE HUMIDITY (PERCENT)
 HIGHEST   100          1200 AM
 LOWEST     55           400 PM
 AVERAGE    78

..........................................................


THE CARTERSVILLE CLIMATE NORMALS FOR TODAY
                         NORMAL    RECORD    YEAR
 MAXIMUM TEMPERATURE (F)   82        MM        MM
 MINIMUM TEMPERATURE (F)   58        MM        MM


SUNRISE AND SUNSET
MAY 24 2018...........SUNRISE   632 AM EDT   SUNSET   841 PM EDT
MAY 25 2018...........SUNRISE   632 AM EDT   SUNSET   841 PM EDT


-  INDICATES NEGATIVE NUMBERS.
R  INDICATES RECORD WAS SET OR TIED.
MM INDICATES DATA IS MISSING.
T  INDICATES TRACE AMOUNT.




$$
