000
CDUS42 KMLB 200633
CLIVRB


CLIMATE REPORT
NATIONAL WEATHER SERVICE MELBOURNE FL
233 AM EDT FRI APR 20 2018


...................................

...THE VERO BEACH CLIMATE SUMMARY FOR APRIL 19 2018...

CLIMATE NORMAL PERIOD 1981 TO 2010
CLIMATE RECORD PERIOD 1942 TO 2018


WEATHER ITEM   OBSERVED TIME   RECORD YEAR NORMAL DEPARTURE LAST
                VALUE   (LST)  VALUE       VALUE  FROM      YEAR
                                                  NORMAL
..................................................................
TEMPERATURE (F)
 YESTERDAY
  MAXIMUM         88    208 PM  93    1969  81      7       83
  MINIMUM         60    626 AM  43    1999  62     -2       72
  AVERAGE         74                        71      3       78

PRECIPITATION (IN)
  YESTERDAY        0.00          1.75 1943   0.08  -0.08     0.00
  MONTH TO DATE    2.48                      1.78   0.70     2.63
  SINCE MAR 1      2.80                      5.90  -3.10     4.25
  SINCE JAN 1      6.01                     11.07  -5.06     6.21

SNOWFALL (IN)
  YESTERDAY        0.0
  MONTH TO DATE    0.0
  SINCE JUL 1      0.0

DEGREE DAYS
 HEATING
  YESTERDAY        0                         0      0        0
  MONTH TO DATE    2                        13    -11        3
  SINCE MAR 1     98                        68     30       42
  SINCE JUL 1    365                       453    -88      185

 COOLING
  YESTERDAY        9                         7      2       13
  MONTH TO DATE  152                       108     44      169
  SINCE MAR 1    244                       237      7      326
  SINCE JAN 1    533                       376    157      527
..................................................................


WIND (MPH)
  HIGHEST WIND SPEED    18   HIGHEST WIND DIRECTION    SE (120)
  HIGHEST GUST SPEED    22   HIGHEST GUST DIRECTION    SE (120)
  AVERAGE WIND SPEED     8.0


SKY COVER
  AVERAGE SKY COVER 0.0


WEATHER CONDITIONS
 THE FOLLOWING WEATHER WAS RECORDED YESTERDAY.
  HAZE


RELATIVE HUMIDITY (PERCENT)
 HIGHEST    97           500 AM
 LOWEST     29           100 PM
 AVERAGE    63

..........................................................


THE VERO BEACH CLIMATE NORMALS FOR TODAY
                         NORMAL    RECORD    YEAR
 MAXIMUM TEMPERATURE (F)   81        90      1968
 MINIMUM TEMPERATURE (F)   62        49      1999


SUNRISE AND SUNSET
APRIL 20 2018.........SUNRISE   652 AM EDT   SUNSET   749 PM EDT
APRIL 21 2018.........SUNRISE   651 AM EDT   SUNSET   750 PM EDT


-  INDICATES NEGATIVE NUMBERS.
R  INDICATES RECORD WAS SET OR TIED.
MM INDICATES DATA IS MISSING.
T  INDICATES TRACE AMOUNT.




$$
