000
CDUS46 KLOX 231000
CLIWJF


CLIMATE REPORT
NATIONAL WEATHER SERVICE LOS ANGELES/OXNARD CA
300 AM PDT MON APR 23 2018


...................................

...THE LANCASTER FOX FIELD CA CLIMATE SUMMARY FOR APRIL 22 2018...

CLIMATE NORMAL PERIOD 1981 TO 2010
CLIMATE RECORD PERIOD 1948 TO 2018


WEATHER ITEM   OBSERVED TIME   RECORD YEAR NORMAL DEPARTURE
                VALUE   (LST)  VALUE       VALUE  FROM
                                                  NORMAL
...............................................................
TEMPERATURE (F)
 YESTERDAY
  MAXIMUM         88    140 PM  98    1949  75     13
  MINIMUM         49    500 AM  30    1982  47      2
  AVERAGE         69                        61      8

PRECIPITATION (IN)
  YESTERDAY        0.00          0.20 1967   0.01  -0.01
  MONTH TO DATE    0.09                      0.29  -0.20
  SINCE OCT 1      2.76                      6.84  -4.08
  SINCE JAN 1      2.74                      4.71  -1.97

SNOWFALL (IN)
  YESTERDAY        0.0           0.0    MM
  MONTH TO DATE    0.0
  SINCE MAR 1      0.0
  SINCE JUL 1      0.0
  SNOW DEPTH       0

DEGREE DAYS
 HEATING
  YESTERDAY        0                               -5
  MONTH TO DATE  104                              -67
  SINCE MAR 1    490                              -49
  SINCE JUL 1   2475                             -357

 COOLING
  YESTERDAY        4                                3
  MONTH TO DATE   24                               11
  SINCE MAR 1     24                                9
  SINCE JAN 1     24                                9
...............................................................


WIND (MPH)
  HIGHEST WIND SPEED    26   HIGHEST WIND DIRECTION    SW (220)
  HIGHEST GUST SPEED    33   HIGHEST GUST DIRECTION    SW (220)
  AVERAGE WIND SPEED     7.9




RELATIVE HUMIDITY (PERCENT)
 HIGHEST    54
 LOWEST     10
 AVERAGE    32

..........................................................


THE LANCASTER FOX FIELD CA CLIMATE NORMALS FOR TODAY
                         NORMAL    RECORD    YEAR
 MAXIMUM TEMPERATURE (F)   75        98      1949
 MINIMUM TEMPERATURE (F)   47        30      1968


SUNRISE AND SUNSET
APRIL 23 2018.........SUNRISE   611 AM PDT   SUNSET   732 PM PDT
APRIL 24 2018.........SUNRISE   610 AM PDT   SUNSET   732 PM PDT


-  INDICATES NEGATIVE NUMBERS.
R  INDICATES RECORD WAS SET OR TIED.
MM INDICATES DATA IS MISSING.
T  INDICATES TRACE AMOUNT.




$$
