058
CDUS45 KLKN 240031
CLIWMC


CLIMATE REPORT
NATIONAL WEATHER SERVICE ELKO NV
531 PM PDT WED MAY 23 2018


...................................

...THE WINNEMUCCA AIRPORT NV CLIMATE SUMMARY FOR MAY 23 2018...
VALID TODAY AS OF 0500 PM LOCAL TIME.

CLIMATE NORMAL PERIOD 1981 TO 2010
CLIMATE RECORD PERIOD 1877 TO 2018


WEATHER ITEM   OBSERVED TIME   RECORD YEAR NORMAL DEPARTURE LAST
                VALUE   (LST)  VALUE       VALUE  FROM      YEAR
                                                  NORMAL
..................................................................
TEMPERATURE (F)
 TODAY
  MAXIMUM         76    359 PM  95    2001  74      2       88
  MINIMUM         52    519 AM  23    2010  40     12       36
  AVERAGE         64                        57      7       62

PRECIPITATION (IN)
  TODAY            0.03          1.13 1917   0.04  -0.01     0.00
  MONTH TO DATE    1.41                      0.86   0.55     0.40
  SINCE OCT 1      7.37                      6.59   0.78     9.74
  SINCE JAN 1      6.03                      4.11   1.92     5.20

SNOWFALL (IN)
  TODAY            0.0           0.2  1916   0.0    0.0      0.0
  MONTH TO DATE    0.0                       0.1   -0.1      0.2
  SINCE MAR 1     16.9                       4.9   12.0      2.4
  SINCE JUL 1     28.1                      20.9    7.2     18.5
  SNOW DEPTH       0

DEGREE DAYS
 HEATING
  TODAY            1                         9     -8        3
  MONTH TO DATE  170                       260    -90      269
  SINCE MAR 1   1412                      1551   -139     1460
  SINCE JUL 1   5651                      6140   -489     5899

 COOLING
  TODAY            0                         1     -1        0
  MONTH TO DATE    0                         1     -1        0
  SINCE MAR 1      0                         1     -1        0
  SINCE JAN 1      0                         1     -1        0
..................................................................


WIND (MPH)
  HIGHEST WIND SPEED    25   HIGHEST WIND DIRECTION    SW (230)
  HIGHEST GUST SPEED    32   HIGHEST GUST DIRECTION    SW (230)



WEATHER CONDITIONS
 THE FOLLOWING WEATHER WAS RECORDED TODAY.
  LIGHT RAIN


RELATIVE HUMIDITY (PERCENT)
 HIGHEST    89           400 AM
 LOWEST     31           400 PM
 AVERAGE    60

..........................................................


THE WINNEMUCCA AIRPORT NV CLIMATE NORMALS FOR TOMORROW
                         NORMAL    RECORD    YEAR
 MAXIMUM TEMPERATURE (F)   75        97      2001
 MINIMUM TEMPERATURE (F)   40        27      2013


SUNRISE AND SUNSET
MAY 23 2018...........SUNRISE   527 AM PDT   SUNSET   810 PM PDT
MAY 24 2018...........SUNRISE   526 AM PDT   SUNSET   810 PM PDT


-  INDICATES NEGATIVE NUMBERS.
R  INDICATES RECORD WAS SET OR TIED.
MM INDICATES DATA IS MISSING.
T  INDICATES TRACE AMOUNT.




$$
