000
CDUS41 KPBZ 270701
CLIZZV


CLIMATE REPORT
NATIONAL WEATHER SERVICE PITTSBURGH PA
300 AM EDT FRI APR 27 2018


...................................

...THE ZANESVILLE OH CLIMATE SUMMARY FOR APRIL 26 2018...

CLIMATE NORMAL PERIOD 1981 TO 2010
CLIMATE RECORD PERIOD 1895 TO 2018


WEATHER ITEM   OBSERVED TIME   RECORD YEAR NORMAL DEPARTURE LAST
                VALUE   (LST)  VALUE       VALUE  FROM      YEAR
                                                  NORMAL
..................................................................
TEMPERATURE (F)
 YESTERDAY
  MAXIMUM         64    324 PM  91    1915  67     -3       82
  MINIMUM         38    224 AM  27    1972  43     -5       49
                                      1926
  AVERAGE         51                        55     -4       66

PRECIPITATION (IN)
  YESTERDAY        0.00          0.85 1998   0.11  -0.11     0.00
  MONTH TO DATE    5.82                      2.99   2.83     1.83
  SINCE JUN 1     39.27                     33.22   6.05    30.95
  SINCE JAN 1     16.41                     10.82   5.59    12.33

DEGREE DAYS
 HEATING
  YESTERDAY       14                        10      4        0
  MONTH TO DATE  478                       373    105      225
  SINCE MAR 1   1331                      1126    205      926
  SINCE JUL 1   5280                      5317    -37     4278

 COOLING
  YESTERDAY        0                         0      0        1
  MONTH TO DATE   10                         0     10       17
  SINCE MAR 1     10                         1      9       19
  SINCE JAN 1     15                         1     14       20
..................................................................


WIND (MPH)
  HIGHEST WIND SPEED    10   HIGHEST WIND DIRECTION     S (190)
  HIGHEST GUST SPEED    12   HIGHEST GUST DIRECTION     S (190)
  AVERAGE WIND SPEED     2.4


SKY COVER
  POSSIBLE SUNSHINE  MM
  AVERAGE SKY COVER 0.3


WEATHER CONDITIONS
 THE FOLLOWING WEATHER WAS RECORDED YESTERDAY.
  FOG
  HAZE


RELATIVE HUMIDITY (PERCENT)
 HIGHEST    93           300 AM
 LOWEST     44           300 PM
 AVERAGE    69

..........................................................


THE ZANESVILLE OH CLIMATE NORMALS FOR TODAY
                         NORMAL    RECORD    YEAR
 MAXIMUM TEMPERATURE (F)   67        90      1938
 MINIMUM TEMPERATURE (F)   43        26      1971


SUNRISE AND SUNSET
APRIL 27 2018.........SUNRISE   633 AM EDT   SUNSET   818 PM EDT
APRIL 28 2018.........SUNRISE   632 AM EDT   SUNSET   819 PM EDT


-  INDICATES NEGATIVE NUMBERS.
R  INDICATES RECORD WAS SET OR TIED.
MM INDICATES DATA IS MISSING.
T  INDICATES TRACE AMOUNT.




$$
