869
CXUS52 KGSP 011544
CLMCLT

CLIMATE REPORT
NATIONAL WEATHER SERVICE GREENVILLE-SPARTANBURG SC
1115 AM EDT SUN APR 1 2018

...................................

...THE CHARLOTTE CLIMATE SUMMARY FOR THE MONTH OF MARCH 2018...

CLIMATE NORMAL PERIOD 1981 TO 2010
CLIMATE RECORD PERIOD 1878 TO 2018

WEATHER         OBSERVED          NORMAL  DEPART  LAST YEAR`S
                 VALUE   DATE(S)  VALUE   FROM    VALUE  DATE(S)
                                          NORMAL
................................................................
TEMPERATURE (F)
RECORD
 HIGH              91   03/23/1907
 LOW                4   03/03/1980
HIGHEST            78   03/29        MM      MM       86  03/21
LOWEST             25   03/15        MM      MM       20  03/16
                        03/08
AVG. MAXIMUM     59.8              63.1    -3.3     65.5
AVG. MINIMUM     38.4              39.3    -0.9     40.2
MEAN             49.1              51.2    -2.1     52.9
DAYS MAX >= 90      0               0.0     0.0        0
DAYS MAX <= 32      0               0.0     0.0        0
DAYS MIN <= 32     11               6.9     4.1       10
DAYS MIN <= 0       0               0.0     0.0        0

PRECIPITATION (INCHES)
RECORD
 MAXIMUM        11.13   1891
 MINIMUM         0.58   1985
TOTALS           4.21              4.01    0.20     2.71
DAILY AVG.       0.14              0.13    0.01     0.09
DAYS >= .01        12               9.6     2.4       13
DAYS >= .10        10               6.7     3.3       10
DAYS >= .50         4               3.0     1.0        1
DAYS >= 1.00        0               1.0    -1.0        0
GREATEST
 24 HR. TOTAL    1.01   03/19 TO 03/20           03/01 TO 03/01

 STORM TOTAL       MM                                 MM
 (MM/DD(HH))            MM                    03/01(00) TO 03/01(00)


SNOWFALL (INCHES)
RECORDS
 TOTAL           19.3   1960
 24 HR TOTAL     10.3   03/24/1983 TO 03/24/1983
 SNOW DEPTH         9   03/24/1983
TOTALS            0.2               0.6    -0.4      1.1
 LIQUID EQUIV    0.02              0.10   -0.08     0.11
SINCE 7/1         4.2               4.3    -0.1      2.2
 LIQUID 7/1      0.42              0.40    0.02     0.22
SNOWDEPTH AVG.      0                MM      MM        0
DAYS >= TRACE       4               0.2     3.8        1
DAYS >= 1.0         0               0.1    -0.1        1
GREATEST
 SNOW DEPTH         0   MM                            -1  03/12
 24 HR TOTAL      0.2   03/14 TO 03/14           03/12 TO 03/12

 STORM TOTAL       MM                                1.1
 (MM/DD(HH))            MM                    03/12(00) TO 03/12(00)


DEGREE_DAYS
HEATING TOTAL     486               433      53      383
 SINCE 7/1       2778              3132    -354     2281
COOLING TOTAL       2                 5      -3       18
 SINCE 1/1         33                 5      28       23

FREEZE DATES
RECORD
 EARLIEST     MM
 LATEST       MM
EARLIEST                        MM
LATEST                          MM
.................................................................

WIND (MPH)
AVERAGE WIND SPEED              8.4
HIGHEST WIND SPEED/DIRECTION    25/310    DATE  03/02
HIGHEST GUST SPEED/DIRECTION    35/350    DATE  03/02

SKY COVER
POSSIBLE SUNSHINE (PERCENT)   MM
AVERAGE SKY COVER           0.60
NUMBER OF DAYS FAIR            8
NUMBER OF DAYS PC              9
NUMBER OF DAYS CLOUDY         14

AVERAGE RH (PERCENT)     59

WEATHER CONDITIONS. NUMBER OF DAYS WITH
THUNDERSTORM              2     MIXED PRECIP               0
HEAVY RAIN                5     RAIN                       9
LIGHT RAIN               14     FREEZING RAIN              0
LT FREEZING RAIN          0     HAIL                       0
HEAVY SNOW                0     SNOW                       0
LIGHT SNOW                4     SLEET                      2
FOG                      12     FOG W/VIS <= 1/4 MILE      0
HAZE                      2

-  INDICATES NEGATIVE NUMBERS.
R  INDICATES RECORD WAS SET OR TIED.
MM INDICATES DATA IS MISSING.
T  INDICATES TRACE AMOUNT.

$$

LEC
