000
CXUS53 KFGF 011947
CLMGFK

CLIMATE REPORT
NATIONAL WEATHER SERVICE EASTERN NORTH DAKOTA/GRAND FORKS
928 AM CDT TUE MAY 1 2018

...................................

...THE GRAND FORKS CLIMATE SUMMARY FOR THE MONTH OF APRIL 2018...

CLIMATE NORMAL PERIOD 1981 TO 2010
CLIMATE RECORD PERIOD 1948 TO 2018

WEATHER         OBSERVED          NORMAL  DEPART  LAST YEAR`S
                 VALUE   DATE(S)  VALUE   FROM    VALUE  DATE(S)
                                          NORMAL
................................................................
TEMPERATURE (F)
RECORD
 HIGH             100   04/21/1980
 LOW               -8   04/01/1970
HIGHEST            78   04/30        54      24       75  04/14
LOWEST              2   04/06        31     -29       22  04/27
AVG. MAXIMUM     44.0              53.9    -9.9     55.1
AVG. MINIMUM     22.3              31.1    -8.8     32.9
MEAN             33.2              42.5    -9.3     44.0
DAYS MAX >= 90      0               0.1    -0.1        0
DAYS MAX <= 32      9               1.3     7.7        0
DAYS MIN <= 32     24              18.7     5.3       18
DAYS MIN <= 0       0               0.0     0.0        0

PRECIPITATION (INCHES)
RECORD
 MAXIMUM         3.64   1974
 MINIMUM         0.00   1988
TOTALS           0.35              1.01   -0.66     1.34
DAILY AVG.       0.01              0.03   -0.02     0.04
DAYS >= .01         4               7.0    -3.0        7
DAYS >= .10         1               3.0    -2.0        3
DAYS >= .50         0               0.4    -0.4        2
DAYS >= 1.00        0               0.0     0.0        0
GREATEST
 24 HR. TOTAL    0.20   04/30 TO 04/30

SNOWFALL (INCHES)
RECORDS
 TOTAL            9.6   1994
TOTALS            3.0               2.9     0.1      5.6
SINCE 7/1        52.4              47.3     5.1     44.1
SNOWDEPTH AVG.      2                MM      MM        0
DAYS >= 1.0         2               0.7     1.3        1
GREATEST
 SNOW DEPTH         5   04/04                          4  04/27
                        04/03
                        04/02
 24 HR TOTAL      1.4   04/12 TO 04/12

DEGREE_DAYS
HEATING TOTAL     950               693     257      623
 SINCE 7/1       9192              9078     114     7747
COOLING TOTAL       0                 1      -1        0
 SINCE 1/1          0                 1      -1        0
.................................................................

WIND (MPH)
AVERAGE WIND SPEED              12.1
HIGHEST WIND SPEED/DIRECTION    39/180    DATE  04/29
HIGHEST GUST SPEED/DIRECTION    56/180    DATE  04/29

SKY COVER
POSSIBLE SUNSHINE (PERCENT)   MM
AVERAGE SKY COVER           0.40
NUMBER OF DAYS FAIR            9
NUMBER OF DAYS PC             19
NUMBER OF DAYS CLOUDY          1

AVERAGE RH (PERCENT)     70

WEATHER CONDITIONS. NUMBER OF DAYS WITH
  0
  1
  0
  1
  3
  0
  0
HAZE                      0

-  INDICATES NEGATIVE NUMBERS.
R  INDICATES RECORD WAS SET OR TIED.
MM INDICATES DATA IS MISSING.
T  INDICATES TRACE AMOUNT.

&&

THE MONTH OF APRIL AT THE GRAND FORKS INTERNATIONAL AIRPORT OVERALL
WAS COLDER AND DRIER THAN NORMAL. THE MONTH STARTED OFF VERY COLD
WITH DAILY TEMPERATURE DEPARTURES AS MUCH AS 23 DEGREES BELOW
AVERAGE...BUT AFTER THE 20TH OF THE MONTH TEMPERATURE DEPARTURES
TRENDED TOWARD AVERAGE TO ABOVE AVERAGE VALUES. THE RESULTANT
AVERAGE MONTHLY TEMPERATURE WAS 33.2 DEGREES WHICH WAS 9.3 DEGREES
BELOW NORMAL. THIS MAKES THE AVERAGE MONTHLY TEMPERATURE THE EIGHTH
COLDEST ON RECORD...WITH THE COLDEST BEING 29.7 DEGREES BACK IN 1950.
ON APRIL 9...THE AIRPORT SET A RECORD LOW TEMPERATURE OF 7 DEGREES
BREAKING THE OLD RECORD OF 9 DEGREES PREVIOUSLY SET IN 1997.

LIQUID EQUIVALENT PRECIPITATION WAS 0.35 INCHES FOR THE MONTH WHICH
WAS 0.66 INCHES BELOW NORMAL. A TOTAL OF 3.0 INCHES SNOW FELL DURING
APRIL.

REMEMBER...THIS DATA IS PROVISIONAL AND IS SUBJECT TO CHANGE. THE
FINAL AND OFFICIAL RECORDS WILL BE AVAILABLE FROM THE NATIONAL
CENTERS FOR ENVIRONMENTAL INFORMATION (FORMERLY THE NATIONAL
CLIMATIC DATA CENTER).

$$
