000
CXUS54 KJAN 011301
CLMGWO


CLIMATE REPORT
NATIONAL WEATHER SERVICE JACKSON MS
759 AM CDT SUN APR 1 2018

...................................

...THE GREENWOOD CLIMATE SUMMARY FOR THE MONTH OF MARCH 2018...

CLIMATE NORMAL PERIOD 1981 TO 2010
CLIMATE RECORD PERIOD 1948 TO 2018

WEATHER         OBSERVED          NORMAL  DEPART  LAST YEAR`S
                 VALUE   DATE(S)  VALUE   FROM    VALUE  DATE(S)
                                          NORMAL
................................................................
TEMPERATURE (F)
RECORD
 HIGH              88   03/23/1995
                        03/31/1963
                        03/30/1963
 LOW               15   03/09/1996
                        03/03/1980
HIGHEST            82   03/19        MM      MM       87  03/21
LOWEST             31   03/14        MM      MM       29  03/15
AVG. MAXIMUM     67.5              67.0     0.5     70.4
AVG. MINIMUM     46.0              44.0     2.0     48.0
MEAN             56.8              55.5     1.3     59.2
DAYS MAX >= 90      0               0.0     0.0        0
DAYS MAX <= 32      0               0.0     0.0        0
DAYS MIN <= 32      4               3.7     0.3        2
DAYS MIN <= 0       0               0.0     0.0        0

PRECIPITATION (INCHES)
RECORD
 MAXIMUM        16.84   1973
 MINIMUM         0.33   2007
TOTALS           5.74              4.31    1.43     3.97
DAILY AVG.       0.19              0.14    0.05     0.13
DAYS >= .01        11               9.8     1.2       11
DAYS >= .10         7               6.7     0.3        7
DAYS >= .50         5               2.8     2.2        3
DAYS >= 1.00        2               1.4     0.6        2
GREATEST
 24 HR. TOTAL    1.24   03/28 TO 03/28              1.13

SNOWFALL (INCHES)
TOTALS            0.0

DEGREE_DAYS
HEATING TOTAL     271               316     -45      232
 SINCE 7/1       2325              2547    -222     1715
COOLING TOTAL      24                21       3       61
 SINCE 1/1         63                26      37       95
.................................................................

WIND (MPH)
AVERAGE WIND SPEED              7.5
HIGHEST WIND SPEED/DIRECTION    32/220    DATE  03/24
HIGHEST GUST SPEED/DIRECTION    38/230    DATE  03/24

SKY COVER
POSSIBLE SUNSHINE (PERCENT)   MM
AVERAGE SKY COVER           0.40
NUMBER OF DAYS FAIR           14
NUMBER OF DAYS PC             14
NUMBER OF DAYS CLOUDY          3

AVERAGE RH (PERCENT)     67

WEATHER CONDITIONS. NUMBER OF DAYS WITH
THUNDERSTORM              5     MIXED PRECIP               0
HEAVY RAIN                6     RAIN                       8
LIGHT RAIN               13     FREEZING RAIN              0
LT FREEZING RAIN          0     HAIL                       0
HEAVY SNOW                0     SNOW                       0
LIGHT SNOW                0     SLEET                      0
FOG                      12     FOG W/VIS <= 1/4 MILE      0
HAZE                      2

-  INDICATES NEGATIVE NUMBERS.
R  INDICATES RECORD WAS SET OR TIED.
MM INDICATES DATA IS MISSING.
T  INDICATES TRACE AMOUNT.

$$
