000
CXHW53 PHFO 011625
CLMITO
CLIMATE REPORT
NATIONAL WEATHER SERVICE HONOLULU HI
625 AM HST FRI MAR 01 2024
...................................
...THE HILO HI CLIMATE SUMMARY FOR THE MONTH OF FEBRUARY 2024...
CLIMATE NORMAL PERIOD 1991 TO 2020
CLIMATE RECORD PERIOD 1949 TO 2024
WEATHER OBSERVED NORMAL DEPART LAST YEAR`S
VALUE DATE(S) VALUE FROM VALUE DATE(S)
NORMAL
................................................................
TEMPERATURE (F)
RECORD
HIGH 92 02/20/1968
LOW 53 02/21/1962
HIGHEST 85 02/01 79 6 85 02/01
LOWEST 60 02/14 64 -4 60 02/14
02/20
02/15
AVG. MAXIMUM 78.4 78.4 0.0 78.3
AVG. MINIMUM 63.5 64.1 -0.6 65.6
MEAN 71.0 71.2 -0.2 72.0
DAYS MAX >= 93 0 0
DAYS MAX >= 90 0 0
DAYS MAX <= 80 24 24
DAYS MIN >= 72 0 0
DAYS MIN <= 60 0 0
DAYS MIN <= 55 0 0
PRECIPITATION (INCHES)
RECORD
MAXIMUM 45.55 1979
MINIMUM 0.52 2000
TOTALS 4.23 10.22 -5.99 37.95
DAILY AVG. 0.20 NAN NAN 1.36
DAYS >= .01 13 16.6 -3.6 21
DAYS >= .10 11 10.9 0.1 18
DAYS >= .50 2 4.9 -2.9 15
DAYS >= 1.00 0 2.6 -2.6 8
GREATEST
24 HR. TOTAL 1.02 02/26 TO 02/27 11.23
DEGREE DAYS
HEATING TOTAL 0 0 0 0
SINCE 7/1 0 0 0 MM
COOLING TOTAL 179 175 4 194
SINCE 1/1 433 373 60 MM
................................................................
WIND (MPH)
AVERAGE WIND SPEED 7.6
HIGHEST WIND SPEED/DIRECTION 28/350 DATE 02/02
HIGHEST GUST SPEED/DIRECTION 38/360 DATE 02/02
SKY COVER
POSSIBLE SUNSHINE (PERCENT) MM
AVERAGE SKY COVER 0.76
NUMBER OF DAYS FAIR 1
NUMBER OF DAYS PC 10
NUMBER OF DAYS CLOUDY 18
AVERAGE RH (PERCENT) 80
WEATHER CONDITIONS. NUMBER OF DAYS WITH
THUNDERSTORM MM MIXED PRECIP MM
HEAVY RAIN 11 RAIN 12
LIGHT RAIN 24 FREEZING RAIN MM
LT FREEZING RAIN MM HAIL MM
HEAVY SNOW MM SNOW MM
LIGHT SNOW MM SLEET MM
FOG 25 FOG W/VIS <= 1/4 MILE MM
HAZE 7
- INDICATES NEGATIVE NUMBERS.
R INDICATES RECORD WAS SET OR TIED.
MM INDICATES DATA IS MISSING.
T INDICATES TRACE AMOUNT.
$$