000
CXUS52 KILM 031919
CLMLBT


CLIMATE REPORT
NATIONAL WEATHER SERVICE WILMINGTON NC
313 PM EDT TUE APR 3 2018

...................................

...THE LUMBERTON NORTH CAROLINA CLIMATE SUMMARY FOR THE MONTH OF MARCH 2018...

CLIMATE NORMAL PERIOD 1981 TO 2010
CLIMATE RECORD PERIOD 1903 TO 2018

WEATHER         OBSERVED          NORMAL  DEPART  LAST YEAR`S
                 VALUE   DATE(S)  VALUE   FROM    VALUE  DATE(S)
                                          NORMAL
................................................................
TEMPERATURE (F)
RECORD
 HIGH              96   03/24/1907
 LOW                9   03/03/1980
HIGHEST            79   03/29        MM      MM       85
LOWEST             23   03/15        MM      MM       23
AVG. MAXIMUM     61.2              66.3    -5.1     67.2
AVG. MINIMUM     38.7              42.0    -3.3     40.5
MEAN             50.0              54.1    -4.1     53.8
DAYS MAX >= 90      0               0.0     0.0        0
DAYS MAX <= 32      0               0.0     0.0        0
DAYS MIN <= 32      9               4.3     4.7       10
DAYS MIN <= 0       0               0.0     0.0        0

PRECIPITATION (INCHES)
RECORD
 MAXIMUM         9.37   1971
 MINIMUM         0.00   1904
TOTALS           2.32              3.33   -1.01
DAILY AVG.       0.07              0.11   -0.04
DAYS >= .01         8               9.0    -1.0
DAYS >= .10         6               6.0     0.0
DAYS >= .50         2               2.0     0.0
DAYS >= 1.00        0               1.0    -1.0
GREATEST
 24 HR. TOTAL    0.75   03/01 TO 03/01

DEGREE_DAYS
HEATING TOTAL     462               346     116      365
 SINCE 7/1       2550              2576     -26
COOLING TOTAL       5                10      -5       27
 SINCE 1/1         50                13      37

FREEZE DATES
RECORD
 EARLIEST     10/03/1981
 LATEST       05/10/1980
EARLIEST                        11/01
LATEST                          04/01
.................................................................

WIND (MPH)
AVERAGE WIND SPEED              8.8
RESULTANT WIND SPEED/DIRECTION   3/308
HIGHEST WIND SPEED/DIRECTION    37/280    DATE  03/01
HIGHEST GUST SPEED/DIRECTION    47/290    DATE  03/01

SKY COVER
POSSIBLE SUNSHINE (PERCENT)   MM
AVERAGE SKY COVER           0.40
NUMBER OF DAYS FAIR           18
NUMBER OF DAYS PC              5
NUMBER OF DAYS CLOUDY          8

AVERAGE RH (PERCENT)     65

WEATHER CONDITIONS. NUMBER OF DAYS WITH
THUNDERSTORM              1     MIXED PRECIP               M
HEAVY RAIN                4     RAIN                       4
LIGHT RAIN               11     FREEZING RAIN              0
LT FREEZING RAIN          0     HAIL                       M
HEAVY SNOW                0     SNOW                       0
LIGHT SNOW                0     SLEET                      M
FOG                      11     FOG W/VIS <= 1/4 MILE      0
HAZE                      2

-  INDICATES NEGATIVE NUMBERS.
R  INDICATES RECORD WAS SET OR TIED.
MM INDICATES DATA IS MISSING.
T  INDICATES TRACE AMOUNT.

$$
