000
CXUS51 KCAR 012318
CLMMLT


CLIMATE REPORT
NATIONAL WEATHER SERVICE CARIBOU, ME
717 PM EDT SUN APR 1 2018

...................................

...THE MILLINOCKET ME CLIMATE SUMMARY FOR THE MONTH OF MARCH 2018...

CLIMATE NORMAL PERIOD 1981 TO 2010
CLIMATE RECORD PERIOD 1903 TO 2018

WEATHER         OBSERVED          NORMAL  DEPART  LAST YEAR`S
                 VALUE   DATE(S)  VALUE   FROM    VALUE  DATE(S)
                                          NORMAL
................................................................
TEMPERATURE (F)
RECORD
 HIGH              80   03/22/2012
 LOW              -32   03/02/1920
HIGHEST            50   03/29        MM      MM       48  03/21
LOWEST              5   03/18        MM      MM       -8  03/11
AVG. MAXIMUM     37.4              37.9    -0.5     32.2
AVG. MINIMUM     23.0              18.1     4.9     13.3
MEAN             30.2              28.0     2.2     22.8
DAYS MAX >= 90      0               0.0     0.0        0
DAYS MAX <= 32      6               7.7    -1.7       14
DAYS MIN <= 32     29              28.9     0.1       30
DAYS MIN <= 0       0               2.0    -2.0        3

PRECIPITATION (INCHES)
RECORD
 MAXIMUM         4.62   2010
 MINIMUM         0.46   2006
TOTALS           1.72                     -1.34
DAILY AVG.       0.06              0.10   -0.04     0.05
DAYS >= .01        12                MM      MM       10
DAYS >= .10         4                MM      MM        5
DAYS >= .50         1                MM      MM        0
DAYS >= 1.00        0                MM      MM        0

SNOWFALL (INCHES)
RECORDS
 TOTAL             MM   MM
TOTALS             MM                MM      MM       MM
SINCE 7/1          MM                MM      MM       MM
SNOWDEPTH AVG.     MM                MM      MM       MM
DAYS >= 1.0         0                MM      MM        0
GREATEST
 SNOW DEPTH        MM                                 MM  MM
 24 HR TOTAL       MM                                 MM

DEGREE_DAYS
HEATING TOTAL    1070              1147     -77     1301
 SINCE 7/1       6814              7199    -385     6796
COOLING TOTAL       0                 0       0        0
 SINCE 1/1          0                 0       0        0
.................................................................

WIND (MPH)
AVERAGE WIND SPEED              8.5
HIGHEST WIND SPEED/DIRECTION    29/300    DATE  03/16
HIGHEST GUST SPEED/DIRECTION    42/300    DATE  03/19

SKY COVER
POSSIBLE SUNSHINE (PERCENT)   MM
AVERAGE SKY COVER           0.60
NUMBER OF DAYS FAIR            9
NUMBER OF DAYS PC              8
NUMBER OF DAYS CLOUDY         14

AVERAGE RH (PERCENT)     66

WEATHER CONDITIONS. NUMBER OF DAYS WITH
  0
  1
  1
  0
  8
  0
  5
HAZE                      7

-  INDICATES NEGATIVE NUMBERS.
R  INDICATES RECORD WAS SET OR TIED.
MM INDICATES DATA IS MISSING.
T  INDICATES TRACE AMOUNT.

$$
