000
CXUS56 KSTO 020506
CLMMOD
CLIMATE REPORT
NATIONAL WEATHER SERVICE SACRAMENTO
1006 PM PDT MON APR 01 2024
...................................
...THE MODESTO CA CLIMATE SUMMARY FOR THE MONTH OF MARCH 2024...
CLIMATE NORMAL PERIOD: 1991 TO 2020
CLIMATE RECORD PERIOD: 1931 TO 2024
WEATHER OBSERVED NORMAL DEPART LAST YEAR`S
VALUE DATE(S) VALUE FROM VALUE
NORMAL
..............................................................
TEMPERATURE (F)
RECORD
HIGH 89 03/20/1960
LOW 27 03/02/1971
HIGHEST 77 03/19 MM MM
LOWEST 38 03/04 MM MM
AVG. MAXIMUM 65.3
AVG. MINIMUM 44.4
MEAN 54.8
DAYS MAX >= 90 0 0.0 0.0
DAYS MAX <= 32 0 0.0 0.0
DAYS MIN <= 32 0 0.0 0.0
DAYS MIN <= 0 0 0.0 0.0
PRECIPITATION (INCHES)
RECORD
MAXIMUM 3.86 2023
MINIMUM 0.60 2022
TOTALS 2.09 1.78 0.31 4.32
DAYS >= .01 10
DAYS >= .10 6
DAYS >= .50 1
DAYS >= 1.00 0
DEGREE DAYS
HEATING TOTAL 307 262 45
SINCE 7/1 1956 2106 -150
COOLING TOTAL 0 3 -3
SINCE 1/1 0 3 -3
..............................................................
WIND (MPH)
AVERAGE WIND SPEED 6.0
HIGHEST WIND SPEED/DIRECTION 26/330 DATE 03/13
HIGHEST GUST SPEED/DIRECTION 39/340 DATE 03/13
SKY COVER
POSSIBLE SUNSHINE (PERCENT) MM
AVERAGE SKY COVER 0.31
NUMBER OF DAYS FAIR 19
NUMBER OF DAYS PC 9
NUMBER OF DAYS CLOUDY 3
AVERAGE RH (PERCENT) 69
WEATHER CONDITIONS. NUMBER OF DAYS WITH
THUNDERSTORM 4 MIXED PRECIP 0
HEAVY RAIN 1 RAIN 7
LIGHT RAIN 12 FREEZING RAIN 0
LT FREEZING RAIN 0 HAIL 0
HEAVY SNOW 0 SNOW 0
LIGHT SNOW 0 SLEET 0
FOG 18 FOG W/VIS <= 1/4 MILE 0
HAZE 4
- INDICATES NEGATIVE NUMBERS.
R INDICATES RECORD WAS SET OR TIED.
MM INDICATES DATA IS MISSING.
T INDICATES TRACE AMOUNT.
$$