000
CXUS55 KPSR 011033
CLMNYL
CLIMATE REPORT
NATIONAL WEATHER SERVICE PHOENIX AZ
333 AM MST MON APR 01 2024
...................................
...THE YUMA AZ CLIMATE SUMMARY FOR THE MONTH OF MARCH 2024...
CLIMATE NORMAL PERIOD 1991 TO 2020
CLIMATE RECORD PERIOD 1876 TO 2024
WEATHER OBSERVED NORMAL DEPART LAST YEAR`S
VALUE DATE(S) VALUE FROM VALUE
NORMAL
..............................................................
TEMPERATURE (F)
RECORD
HIGH 102 03/21/2004
LOW 31 03/15/1881
HIGHEST 86 03/22 93 -7
LOWEST 46 03/25 44 2
AVG. MAXIMUM 76.2 80.2 -4.0
AVG. MINIMUM 53.4 55.0 -1.6
MEAN 64.8 67.6 -2.8
DAYS MAX >= 90 0 4.9 -4.9
DAYS MAX >= 100 0
DAYS MAX >= 110 0
DAYS MIN <= 32 0 0.0 0.0
DAYS MIN >= 90 0
PRECIPITATION (INCHES)
RECORD
MAXIMUM 3.33 1905
MINIMUM 0.00 2016
TOTALS 0.36 0.39 -0.03
DAYS >= .01 2 1.9 0.1
DAYS >= .10 2 1.1 0.9
DAYS >= .50 0 0.2 -0.2
DAYS >= 1.00 0 0.1 -0.1
GREATEST
24 HR. TOTAL 0.36 03/30 TO 03/31
DEGREE DAYS
HEATING TOTAL 41 46 -5
SINCE 7/1 552 669 -117
COOLING TOTAL 42 126 -84
SINCE 1/1 63 163 -100
..............................................................
WIND (MPH)
AVERAGE WIND SPEED 7.2
HIGHEST GUST SPEED/DIRECTION 47/310 DATE 03/24
AVERAGE RH (PERCENT) 43
WEATHER CONDITIONS. NUMBER OF DAYS WITH
THUNDERSTORM 0 HEAVY RAIN 0
RAIN 0 LIGHT RAIN 3
FOG W/VIS <= 1/4 MILE 0
- INDICATES NEGATIVE NUMBERS.
R INDICATES RECORD WAS SET OR TIED.
MM INDICATES DATA IS MISSING.
T INDICATES TRACE AMOUNT.
$$