000
CXUS53 KUNR 011625
CLMPHP


CLIMATE REPORT
NATIONAL WEATHER SERVICE RAPID CITY SD
1020 AM MDT SUN APR 1 2018

...................................

...THE PHILIP SD CLIMATE SUMMARY FOR THE MONTH OF MARCH 2018...

CLIMATE NORMAL PERIOD 1981 TO 2010
CLIMATE RECORD PERIOD 9999 TO 9999

WEATHER         OBSERVED          NORMAL  DEPART  LAST YEAR`S
                 VALUE   DATE(S)  VALUE   FROM    VALUE  DATE(S)
                                          NORMAL
................................................................
TEMPERATURE (F)
HIGHEST            61   03/30                         76  03/19
                                                          03/16
LOWEST              4   03/07                          3  03/13
                        03/01
AVG. MAXIMUM     42.5              47.7    -5.2     52.7
AVG. MINIMUM     21.4              21.8    -0.4     24.3
MEAN             31.9              34.7    -2.8     38.5
DAYS MAX >= 90      0                                  0
DAYS MAX <= 32      4                                  5
DAYS MIN <= 32     29                                 25
DAYS MIN <= 0       0                                  0

PRECIPITATION (INCHES)
TOTALS           1.72              1.27    0.45     0.80
DAILY AVG.       0.06              0.04    0.02     0.03
DAYS >= .01        11                                  8
DAYS >= .10         3                                  2
DAYS >= .50         1                                  0
DAYS >= 1.00        1                                  0
GREATEST
 24 HR. TOTAL    1.11   03/16 TO 03/16              0.46

DEGREE_DAYS
HEATING TOTAL    1019               938      81      813
 SINCE 7/1       6559              6303     256     5873
COOLING TOTAL       0                 0       0        0
 SINCE 1/1          0                 0       0        0
.................................................................

WIND (MPH)
AVERAGE WIND SPEED              11.1
HIGHEST WIND SPEED/DIRECTION    45/310    DATE  03/05
HIGHEST GUST SPEED/DIRECTION    58/300    DATE  03/05

AVERAGE RH (PERCENT)     79

WEATHER CONDITIONS. NUMBER OF DAYS WITH
THUNDERSTORM              0     MIXED PRECIP               0
HEAVY RAIN                0     RAIN                       0
LIGHT RAIN                7     FREEZING RAIN              1
LT FREEZING RAIN          1     HAIL                       0
HEAVY SNOW                1     SNOW                       3
LIGHT SNOW                9     SLEET                      0
FOG                      20     FOG W/VIS <= 1/4 MILE      5
HAZE                      0

-  INDICATES NEGATIVE NUMBERS.
R  INDICATES RECORD WAS SET OR TIED.
MM INDICATES DATA IS MISSING.
T  INDICATES TRACE AMOUNT.

$$
