000
CXUS51 KAKQ 011232
CLMSBY


CLIMATE REPORT
NATIONAL WEATHER SERVICE WAKEFIELD, VA
822 AM EDT FRI JUN 1 2018

...................................

...THE SALISBURY MD CLIMATE SUMMARY FOR THE MONTH OF MAY 2018...

CLIMATE NORMAL PERIOD 1981 TO 2010
CLIMATE RECORD PERIOD 1900 TO 2018

WEATHER         OBSERVED          NORMAL  DEPART  LAST YEAR`S
                 VALUE   DATE(S)  VALUE   FROM    VALUE  DATE(S)
                                          NORMAL
................................................................
TEMPERATURE (F)
RECORD
 HIGH              97   05/27/1917
 LOW               28   05/05/2003
HIGHEST            91   05/12        80      11       91  05/17
LOWEST             41   05/01        49      -8       42  05/09
                                                          05/08
AVG. MAXIMUM     79.5              73.5     6.0     72.2
AVG. MINIMUM     58.5              51.6     6.9     53.0
MEAN             69.0              62.6     6.4     62.6
DAYS MAX >= 90      1               0.6     0.4        2
DAYS MAX <= 32      0               0.0     0.0        0
DAYS MIN <= 32      0               0.1    -0.1        0
DAYS MIN <= 0       0               0.0     0.0        0

PRECIPITATION (INCHES)
RECORD
 MAXIMUM        10.38   1948
 MINIMUM         0.18   1911
TOTALS           9.79              3.62    6.17     5.08
DAILY AVG.       0.32              0.12    0.20     0.16
DAYS >= .01        14              10.8     3.2       14
DAYS >= .10         9               6.7     2.3       11
DAYS >= .50         6               2.2     3.8        2
DAYS >= 1.00        3               0.9     2.1        1
GREATEST
 24 HR. TOTAL    4.01   05/18 TO 05/18

DEGREE_DAYS
HEATING TOTAL      25               142    -117      133
 SINCE 7/1       4193              4422    -229     3688
COOLING TOTAL     154                67      87       68
 SINCE 1/1        168                84      84      138
.................................................................

WIND (MPH)
AVERAGE WIND SPEED              7.6
HIGHEST WIND SPEED/DIRECTION    33/350    DATE  05/12
HIGHEST GUST SPEED/DIRECTION    47/360    DATE  05/12

SKY COVER
POSSIBLE SUNSHINE (PERCENT)   MM
AVERAGE SKY COVER           0.50

AVERAGE RH (PERCENT)     77

WEATHER CONDITIONS. NUMBER OF DAYS WITH
  0
  9
  0
  0
  0
  0
  5
HAZE                      3

-  INDICATES NEGATIVE NUMBERS.
R  INDICATES RECORD WAS SET OR TIED.
MM INDICATES DATA IS MISSING.
T  INDICATES TRACE AMOUNT.

$$
